{"id":28,"date":"2023-09-13T14:24:49","date_gmt":"2023-09-13T12:24:49","guid":{"rendered":"https:\/\/dev.papercut.pl\/ncn\/?page_id=28"},"modified":"2023-12-17T18:07:22","modified_gmt":"2023-12-17T17:07:22","slug":"siec-eosc-polska","status":"publish","type":"page","link":"https:\/\/dev.papercut.pl\/ncn\/siec-eosc-polska\/","title":{"rendered":"Sie\u0107 EOSC Polska"},"content":{"rendered":"\n<div class=\"wp-block-columns is-layout-flex wp-container-core-columns-is-layout-9d6595d7 wp-block-columns-is-layout-flex\">\n<div class=\"wp-block-column is-layout-flow wp-block-column-is-layout-flow\" style=\"flex-basis:33.33%\">\n<h2 class=\"wp-block-heading is-style-h2 has-green-color has-text-color\">Sie\u0107 EOSC Polska<\/h2>\n\n\n\n<div class=\"wp-block-columns is-layout-flex wp-container-core-columns-is-layout-9d6595d7 wp-block-columns-is-layout-flex\"><\/div>\n<\/div>\n\n\n\n<div class=\"wp-block-column is-layout-flow wp-block-column-is-layout-flow\" style=\"flex-basis:66.66%\">\n<h3 class=\"wp-block-heading is-style-h3\"><\/h3>\n\n\n\n<p>Sie\u0107 EOSC Polska stanowi krajow\u0105 struktur\u0119 EOSC, koordynowan\u0105 przez <a href=\"https:\/\/www.ncn.gov.pl\/\">Narodowe Centrum Nauki<\/a>. Zosta\u0142a ona utworzona w celu wspierania rozwoju EOSC, koordynowania i wzmacniania dzia\u0142a\u0144 zwi\u0105zanych z EOSC na poziomie krajowym oraz osadzania ich w mi\u0119dzynarodowym kontek\u015bcie EOSC.<\/p>\n\n\n\n<p>Cele Sieci EOSC-Polska:<\/p>\n\n\n\n<ol class=\"is-style-green wp-block-list\">\n<li>Koordynowanie dzia\u0142a\u0144 na rzecz EOSC na poziomie krajowym,<\/li>\n\n\n\n<li>Zapewnienie platformy do anga\u017cowania krajowych interesariuszy,<\/li>\n\n\n\n<li>Stworzenie forum wymiany informacji i najlepszych praktyk w zakresie otwartej nauki,<\/li>\n\n\n\n<li>Rozwijanie i wzmacnianie potencja\u0142u krajowego w obszarze otwartej nauki,<\/li>\n\n\n\n<li>W\u0142\u0105czenie EOSC do inicjatyw dotycz\u0105cych otwartych danych na poziomie mi\u0119dzynarodowym i krajowym,<\/li>\n\n\n\n<li>Zwi\u0119kszanie w kraju \u015bwiadomo\u015bci na temat EOSC,<\/li>\n\n\n\n<li>Zapewnienie wsparcia w zakresie mapowania inicjatyw zwi\u0105zanych z EOSC na poziomie krajowym.<\/li>\n<\/ol>\n\n\n\n<p>Sie\u0107 EOSC Polska jest grup\u0105 nieformaln\u0105. W jej sk\u0142ad wchodz\u0105 zar\u00f3wno polskie instytucje b\u0119d\u0105ce Cz\u0142onkami lub Obserwatorami Stowarzyszenia EOSC, ale r\u00f3wnie\u017c te, kt\u00f3re nimi nie s\u0105, ale realizuj\u0105 dzia\u0142ania w obszarze EOSC, czyli szeroko rozumianej otwartej nauki. \u00a0<\/p>\n<\/div>\n<\/div>\n\n\n\n<hr class=\"wp-block-separator has-text-color has-green-color has-alpha-channel-opacity has-green-background-color has-background\"\/>\n","protected":false},"excerpt":{"rendered":"<p>Sie\u0107 EOSC Polska Sie\u0107 EOSC Polska stanowi krajow\u0105 struktur\u0119 EOSC, koordynowan\u0105 przez Narodowe Centrum Nauki. Zosta\u0142a ona utworzona w celu wspierania rozwoju EOSC, koordynowania i wzmacniania dzia\u0142a\u0144 zwi\u0105zanych z EOSC na poziomie krajowym oraz osadzania ich w mi\u0119dzynarodowym kontek\u015bcie EOSC. Cele Sieci EOSC-Polska: Sie\u0107 EOSC Polska jest grup\u0105 nieformaln\u0105. W jej sk\u0142ad wchodz\u0105 zar\u00f3wno polskie instytucje b\u0119d\u0105ce Cz\u0142onkami lub Obserwatorami Stowarzyszenia EOSC, ale r\u00f3wnie\u017c te, kt\u00f3re nimi nie s\u0105, ale realizuj\u0105 dzia\u0142ania w obszarze EOSC, czyli szeroko rozumianej otwartej nauki. \u00a0<\/p>\n","protected":false},"author":1,"featured_media":0,"parent":0,"menu_order":11,"comment_status":"closed","ping_status":"closed","template":"templates\/eosc.php","meta":{"_acf_changed":false,"footnotes":""},"class_list":["post-28","page","type-page","status-publish","hentry"],"acf":[],"_links":{"self":[{"href":"https:\/\/dev.papercut.pl\/ncn\/wp-json\/wp\/v2\/pages\/28","targetHints":{"allow":["GET"]}}],"collection":[{"href":"https:\/\/dev.papercut.pl\/ncn\/wp-json\/wp\/v2\/pages"}],"about":[{"href":"https:\/\/dev.papercut.pl\/ncn\/wp-json\/wp\/v2\/types\/page"}],"author":[{"embeddable":true,"href":"https:\/\/dev.papercut.pl\/ncn\/wp-json\/wp\/v2\/users\/1"}],"replies":[{"embeddable":true,"href":"https:\/\/dev.papercut.pl\/ncn\/wp-json\/wp\/v2\/comments?post=28"}],"version-history":[{"count":16,"href":"https:\/\/dev.papercut.pl\/ncn\/wp-json\/wp\/v2\/pages\/28\/revisions"}],"predecessor-version":[{"id":962,"href":"https:\/\/dev.papercut.pl\/ncn\/wp-json\/wp\/v2\/pages\/28\/revisions\/962"}],"wp:attachment":[{"href":"https:\/\/dev.papercut.pl\/ncn\/wp-json\/wp\/v2\/media?parent=28"}],"curies":[{"name":"wp","href":"https:\/\/api.w.org\/{rel}","templated":true}]}}