{"id":567,"date":"2021-01-18T16:43:45","date_gmt":"2021-01-18T15:43:45","guid":{"rendered":"http:\/\/dev.papercut.pl\/mda\/?page_id=567"},"modified":"2021-02-04T10:11:52","modified_gmt":"2021-02-04T09:11:52","slug":"regulamin-strony-internetowej-www-mda-malopolska-pl","status":"publish","type":"page","link":"https:\/\/dev.papercut.pl\/mda\/regulamin-strony-internetowej-www-mda-malopolska-pl\/","title":{"rendered":"Regulamin strony internetowej www.mda.malopolska.pl"},"content":{"rendered":"\n<h2 class=\"wp-block-heading\">Regulamin strony internetowej <\/h2>\n\n\n\n<h4 class=\"wp-block-heading\"><strong>I Informacje og\u00f3lne<\/strong><\/h4>\n\n\n\n<ol class=\"wp-block-list\"><li>Wydawc\u0105 strony internetowej <strong>www.mda.malopolska.pl <\/strong>(dalej: <strong>strona internetowa<\/strong>) jest sp\u00f3\u0142ka pod firm\u0105 Ma\u0142opolskie Dworce Autobusowe S.A. z siedzib\u0105 w Krakowie, ul. Mosi\u0119\u017cnicza 3, 31-547 Krak\u00f3w, wpisana do&nbsp;Rejestru Przedsi\u0119biorc\u00f3w Krajowego Rejestru S\u0105dowego prowadzonego przez S\u0105d Rejonowy dla Krakowa-\u015ar\u00f3dmie\u015bcia w Krakowie XI Wydzia\u0142 Gospodarczy KRS pod&nbsp;numerem KRS 0000085864, kt\u00f3rej kapita\u0142 zak\u0142adowy wynosi 13&nbsp;280&nbsp;500,00 z\u0142 (wp\u0142acony w ca\u0142o\u015bci), NIP: 6750001219, REGON: 000616706 (dalej: <strong>MDA <\/strong>lub <strong>Wydawca<\/strong>).<\/li><li>Niniejszy regulamin okre\u015bla zasady korzystania ze strony internetowej (dalej: <strong>Regulamin<\/strong>).<\/li><li>U\u017cytkownik strony internetowej (dalej: <strong>U\u017cytkownik<\/strong>) przed rozpocz\u0119ciem korzystania ze strony internetowej, jest zobowi\u0105zany do zapoznania si\u0119 z Regulaminem. Korzystanie ze strony internetowej jest r\u00f3wnoznaczne z akceptacj\u0105 Regulaminu. Akceptuj\u0105c Regulamin, U\u017cytkownik zgadza si\u0119 na jego postanowienia. W przypadku braku akceptacji Regulaminu, U\u017cytkownik powinien niezw\u0142ocznie zaprzesta\u0107 korzystania ze strony internetowej.<\/li><li>Strona internetowa jest udost\u0119pniana U\u017cytkownikom w wersji desktopowej (tradycyjnej) i w wersji mobilnej, dostosowanej do urz\u0105dze\u0144 przeno\u015bnych, przy czym rekomenduje si\u0119, dla optymalnego dzia\u0142ania strony internetowej, by urz\u0105dzenia wykorzystywane do korzystania ze strony internetowej posiada\u0142y zainstalowane przegl\u0105darki internetowe w najnowszych wersjach udost\u0119pnionych przez producent\u00f3w przegl\u0105darek, nie ni\u017cszych jednak ni\u017c:<\/li><\/ol>\n\n\n\n<ul class=\"wp-block-list\"><li>Google Chrome &#8211; wersja od 87,<\/li><li>Mozilla Firefox &#8211; wersja od 84,<\/li><li>Microsoft Edge &#8211; wersja od 87,<\/li><li>Opera &#8211; wersja od 73,<\/li><li>Safari &#8211; wersja od 13.1.2.<\/li><\/ul>\n\n\n\n<h4 class=\"wp-block-heading\"><strong>II Charakter i funkcjonalno\u015b\u0107 strony internetowej<\/strong><\/h4>\n\n\n\n<ol class=\"wp-block-list\"><li>Strona internetowa ma charakter informacyjny, w szczeg\u00f3lno\u015bci w zakresie szeroko poj\u0119tej dzia\u0142alno\u015bci w\u0142asnej Wydawcy oraz dzia\u0142alno\u015bci podmiot\u00f3w wsp\u00f3\u0142pracuj\u0105cych z Wydawc\u0105.<\/li><li>Strona internetowa posiada dodatkowe funkcjonalno\u015bci:<br><br>1) Przekierowanie do innych serwis\u00f3w oferuj\u0105cych sprzeda\u017c bilet\u00f3w autobusowych krajowych i mi\u0119dzynarodowych (w\u0142asnych Wydawcy lub zewn\u0119trznych),<br>2) Wyszukiwanie po\u0142\u0105cze\u0144 polegaj\u0105ce na przekierowaniu do innego serwisu z rozk\u0142adami jazdy (w\u0142asnego Wydawcy lub zewn\u0119trznych) lub zawarte bezpo\u015brednio na stronie internetowej,<br>3) Przekierowanie do innych serwis\u00f3w informacyjnych (w\u0142asnych Wydawcy lub zewn\u0119trznych) w celu zwi\u0119kszenia u\u017cyteczno\u015bci strony internetowej,<br>4) Przekierowanie do profili Wydawcy w mediach spo\u0142eczno\u015bciowych (Facebook, Instagram lub inne) w celu dodatkowego i bie\u017c\u0105cego informowania o dzia\u0142alno\u015bci w\u0142asnej Wydawcy (informacja w sprawie przetwarzania danych osobowych na fanpage\u2019u Wydawcy znajduje si\u0119 &lt;<a href=\"https:\/\/admin.mda.malopolska.pl\/rodo\/\">tutaj<\/a>>),<br>5) Komercyjn\u0105, polegaj\u0105c\u0105 na zamieszczaniu reklam lub innych podobnych przekaz\u00f3w w\u0142asnych Wydawcy lub podmiot\u00f3w wsp\u00f3\u0142pracuj\u0105cych z Wydawc\u0105,<br>6) Komunikacyjn\u0105, umo\u017cliwiaj\u0105c\u0105 kontakt U\u017cytkownika z Wydawc\u0105, w szczeg\u00f3lno\u015bci w zakresie mo\u017cliwo\u015bci z\u0142o\u017cenia reklamacji, skargi lub wniosku poprzez dedykowany do tego serwis w\u0142asny Wydawcy lub zewn\u0119trzny, do kt\u00f3rego strona internetowa przekierowuje, lub kt\u00f3ry strona internetowa zawiera.<br><\/li><li>Wszelkie informacje publikowane na stronie internetowej s\u0105 informacjami podawanymi przez Wydawc\u0119 wed\u0142ug jego najlepszej wiedzy. Informacje pochodz\u0105ce od podmiot\u00f3w zewn\u0119trznych w stosunku do Wydawcy, np. przewo\u017anik\u00f3w w zakresie realizacji kurs\u00f3w lub rozk\u0142ad\u00f3w jazdy, s\u0105 podawane Wydawcy przez podmioty zewn\u0119trzne i w chwili ich publikacji na stronie internetowej mog\u0105 by\u0107 nieaktualne. Konsekwencj\u0105 tego mo\u017ce by\u0107 r\u00f3wnie\u017c nieaktualno\u015b\u0107 niekt\u00f3rych informacji podawanych przez Wydawc\u0119, np. informacji na temat stanowisk odprawowych autobus\u00f3w lub innych informacji. U\u017cytkownik powinien ka\u017cdorazowo weryfikowa\u0107 ich prawid\u0142owo\u015b\u0107 poprzez kontakt z infolini\u0105 Wydawcy (nr infolinii: 703 40 30 30;op\u0142ata za ka\u017cd\u0105 rozpocz\u0119t\u0105 minut\u0119 po\u0142\u0105czenia wynosi 2,58 z\u0142 brutto; infolinia dla dzwoni\u0105cych z\u00a0telefon\u00f3w kom\u00f3rkowych oraz z telefon\u00f3w stacjonarnych krajowych) lub bezpo\u015brednio na dworcu autobusowym zarz\u0105dzanym przez MDA w miejscu wyznaczonym do udzielania informacji. Wydawca nie ponosi odpowiedzialno\u015bci i nie gwarantuje prawdziwo\u015bci lub prawid\u0142owo\u015bci informacji pochodz\u0105cych od podmiot\u00f3w zewn\u0119trznych.\u00a0<\/li><li>Publikowane na stronie internetowej og\u0142oszenia dotycz\u0105ce wynajmu lub sprzeda\u017cy, kupna nieruchomo\u015bci, rzeczy ruchomych lub prawa, cenniki i inne tego typu informacje nie stanowi\u0105 oferty w rozumieniu kodeksu cywilnego i w razie w\u0105tpliwo\u015bci mog\u0105 stanowi\u0107 zaproszenie do sk\u0142adania ofert. Tre\u015bci zawarte na stronie internetowej nie powinny by\u0107 traktowane jako podstawa ani zach\u0119ta do podejmowania dzia\u0142a\u0144 o charakterze inwestycyjnym, w szczeg\u00f3lno\u015bci decyzji o nabyciu, zbyciu lub zamianie instrument\u00f3w finansowych. W razie powzi\u0119cia zamiaru podj\u0119cia jakichkolwiek dzia\u0142a\u0144 inwestycyjnych w oparciu o informacje zawarte na stronie internetowej, U\u017cytkownik lub inna osoba, kt\u00f3ra zapozna\u0142a si\u0119 z tak\u0105 informacj\u0105 powinna w ka\u017cdym razie skonsultowa\u0107 si\u0119 z doradc\u0105 prawnym.<\/li><\/ol>\n\n\n\n<h4 class=\"wp-block-heading\"><strong>III Obowi\u0105zki i prawa Wydawcy<\/strong><\/h4>\n\n\n\n<ol class=\"wp-block-list\"><li>Wydawca do\u0142o\u017cy wszelkich stara\u0144, aby zapewni\u0107 prawid\u0142owe funkcjonowanie strony internetowej wraz z pe\u0142nym zakresem jej funkcjonalno\u015bci z zastrze\u017ceniem, i\u017c odpowiedzialno\u015bci\u0105 Wydawcy nie s\u0105 obj\u0119te awarie techniczne wynikaj\u0105ce z przyczyn niezale\u017cnych od Wydawcy oraz inne okoliczno\u015bci wp\u0142ywaj\u0105ce na funkcjonowanie strony internetowej, za kt\u00f3re Wydawca nie ponosi odpowiedzialno\u015bci.<\/li><li>Wydawca zastrzega sobie prawo do wy\u0142\u0105czenia strony internetowej bez podawania przyczyny, zw\u0142aszcza w sytuacji, gdy konieczne s\u0105 do przeprowadzenia prace modernizacyjne lub naprawcze.<\/li><li>Wydawca nie ponosi odpowiedzialno\u015bci za spos\u00f3b dzia\u0142ania zewn\u0119trznych, w stosunku do strony internetowej, serwis\u00f3w lub innych stron internetowych, do kt\u00f3rych strona internetowa przekierowuje, lub z kt\u00f3rych korzystanie u\u0142atwia. Wydawca nie ponosi odpowiedzialno\u015bci za wszelkie szkody powsta\u0142e w skutek korzystania z w\/w serwis\u00f3w lub innych stron internetowych, chyba, \u017ce co innego wynika z odr\u0119bnych regulacji.<\/li><li>MDA nie mo\u017ce zagwarantowa\u0107, i\u017c na stronie internetowej nie zostan\u0105 bez jego wiedzy lub zgody zamieszczone przez osob\u0119 trzeci\u0105 tre\u015bci uznane za bezprawne, obra\u017aliwe lub zawieraj\u0105ce nieprawdziwe, nierzetelne b\u0105d\u017a niekompletne informacje. MDA do\u0142o\u017cy nale\u017cytej staranno\u015bci, by zablokowa\u0107 lub usun\u0105\u0107 te informacje niezw\u0142ocznie po powzi\u0119ciu wiadomo\u015bci o ich zamieszczeniu.<\/li><li>Wydawca nie ponosi odpowiedzialno\u015bci za jakiekolwiek szkody spowodowane przyczynami niezale\u017cnymi od Wydawcy i przez Wydawc\u0119 niezawinionymi, w szczeg\u00f3lno\u015bci spowodowane si\u0142\u0105 wy\u017csz\u0105. Za si\u0142\u0119 wy\u017csz\u0105 uwa\u017ca si\u0119 sytuacje nadzwyczajne, zdarzenia lub okoliczno\u015bci lub kombinacj\u0119 zdarze\u0144 i okoliczno\u015bci, kt\u00f3rych nie mo\u017cna by\u0142o przewidzie\u0107, ani kt\u00f3rym nie mo\u017cna by\u0142o zapobiec przy zachowaniu najwy\u017cszej staranno\u015bci. Za si\u0142\u0119 wy\u017csz\u0105 uwa\u017ca si\u0119 m.in.: wojn\u0119, zamach terrorystyczny, sabota\u017c, gro\u017ab\u0119 u\u017cycia broni, mi\u0119dzynarodowe dzia\u0142ania zbrojne, awari\u0119 sieci telekomunikacyjnej lub satelitarnej, system\u00f3w mechanicznych, elektrycznych, w tym przerwy w dostawie energii, spadek lub zanik napi\u0119cia elektrycznego, lub inne zak\u0142\u00f3cenia w dzia\u0142aniu tych sieci, pow\u00f3d\u017a lub inne kl\u0119ski \u017cywio\u0142owe, po\u017car, niepokoje spo\u0142eczne, epidemie oraz pandemie.<\/li><li>Wszelkie prawa, w tym prawa w\u0142asno\u015bci intelektualnej, do strony internetowej przynale\u017c\u0105 do MDA, a prawa do poszczeg\u00f3lnych materia\u0142\u00f3w s\u0105 zastrze\u017cone na rzecz MDA lub innych podmiot\u00f3w, z kt\u00f3rymi MDA wsp\u00f3\u0142pracuje w tym zakresie.&nbsp;Strona internetowa jako ca\u0142o\u015b\u0107 oraz ka\u017cdy z jego element\u00f3w i materia\u0142\u00f3w podlegaj\u0105 ochronie przewidzianej przez polskie oraz mi\u0119dzynarodowe prawo, w tym w szczeg\u00f3lno\u015bci przepisy ustawy z dnia 4 lutego 1994 r. o prawie autorskim i prawach pokrewnych (Dz.U. z 2019 r. poz. 1231) oraz ustawy z dnia 16 kwietnia 1993 r. o zwalczaniu nieuczciwej konkurencji (Dz.U. 2020 poz. 1913). Wykorzystywanie danych lub materia\u0142\u00f3w zamieszczonych na stronie internetowej w jakichkolwiek celach wymaga ka\u017cdorazowo uprzedniej pisemnej zgody MDA.<\/li><\/ol>\n\n\n\n<h4 class=\"wp-block-heading\"><strong>IV Obowi\u0105zki i prawa U\u017cytkownik\u00f3w<\/strong><\/h4>\n\n\n\n<ol class=\"wp-block-list\"><li>U\u017cytkownik ma obowi\u0105zek korzystania ze strony internetowej zgodnie z Regulaminem, a w szczeg\u00f3lno\u015bci zgodnie z jej informacyjnym charakterem i dost\u0119pn\u0105 funkcjonalno\u015bci\u0105.&nbsp;<\/li><li>Zabronione jest umieszczanie przez U\u017cytkownik\u00f3w na stronie internetowej lub w innych miejscach, do kt\u00f3rych strona internetowa przekierowuje, w jakiejkolwiek formie, jakichkolwiek tre\u015bci, kt\u00f3re nie s\u0105 w\u0142asno\u015bci\u0105 U\u017cytkownika lub do kt\u00f3rych U\u017cytkownik nie ma w\u0142a\u015bciwych praw, oraz tre\u015bci, kt\u00f3re w jakikolwiek spos\u00f3b naruszaj\u0105 prawo powszechnie obowi\u0105zuj\u0105ce.<\/li><li>Zabronione jest kopiowanie i rozpowszechnianie przez U\u017cytkownik\u00f3w materia\u0142\u00f3w opublikowanych na stronie internetowej bez zgody Wydawcy.&nbsp;<\/li><li>U\u017cytkownik ponosi odpowiedzialno\u015b\u0107 za w\u0142asne dzia\u0142ania na stronie internetowej, oraz w innych miejscach, do kt\u00f3rych strona internetowa przekierowuje, w szczeg\u00f3lno\u015bci za naruszenia maj\u0105tkowych praw autorskich lub d\u00f3br os\u00f3b trzecich oraz innego rodzaju naruszenia prawa powszechnie obowi\u0105zuj\u0105cego.<\/li><li>U\u017cytkownik korzysta z zewn\u0119trznych, w stosunku do strony internetowej, serwis\u00f3w lub innych stron internetowych, na w\u0142asne ryzyko i odpowiedzialno\u015b\u0107.<\/li><li>U\u017cytkownik ma prawo do zg\u0142oszenia uwag i sugestii zwi\u0105zanych z funkcjonowaniem strony internetowej. W tym przypadku nale\u017cy skontaktowa\u0107 si\u0119 z Wydawc\u0105 za po\u015brednictwem adresu poczty elektronicznej: <a href=\"mailto:sekretariat@mda.malopolska.pl\">sekretariat@mda.malopolska.pl<\/a>.<\/li><\/ol>\n\n\n\n<h4 class=\"wp-block-heading\"><strong>V Reklamacje i skargi<\/strong><\/h4>\n\n\n\n<ol class=\"wp-block-list\"><li>Strona internetowa umo\u017cliwia U\u017cytkownikom sk\u0142adanie reklamacji, skarg i wniosk\u00f3w w sprawach dotycz\u0105cych dzia\u0142alno\u015bci operacyjnej MDA poprzez dedykowany do tego serwis w\u0142asny Wydawcy lub zewn\u0119trzny, do kt\u00f3rego strona internetowa przekierowuje, lub kt\u00f3ry strona internetowa zawiera.<\/li><li>Formularz do sk\u0142adania reklamacji, skarg i wniosk\u00f3w dost\u0119pny jest &lt;<a href=\"https:\/\/reklamacje.mda.malopolska.pl\/#\/zgloszenie\">tutaj<\/a>>.<\/li><li><strong>Regulamin rozpatrywania reklamacji, skarg i wniosk\u00f3w<\/strong> dost\u0119pny jest &lt;<a href=\"https:\/\/admin.mda.malopolska.pl\/wp-content\/uploads\/2021\/01\/Regulamin_reklamacji_skarg_wnioskow.pdf\">tutaj<\/a>>.<\/li><li>Informacja dotycz\u0105ca przetwarzania danych osobowych w procesie sk\u0142adania reklamacji, skarg lub wniosk\u00f3w znajduje si\u0119 &lt;<a href=\"https:\/\/admin.mda.malopolska.pl\/klauzula-informacyjna-w-sprawie-przetwarzania-danych-osobowych-osob-skladajacych-skargi-i-reklamacje\/\">tutaj<\/a>>.<\/li><\/ol>\n\n\n\n<h4 class=\"wp-block-heading\"><strong>VI Polityka plik\u00f3w cookies<\/strong><\/h4>\n\n\n\n<ol class=\"wp-block-list\"><li>Strona internetowa gromadzi w spos\u00f3b zautomatyzowany informacje zawarte w plikach cookies. Zakres ten zosta\u0142 uregulowany w <strong>Polityce plik\u00f3w cookies lub innych podobnych technologii<\/strong>.<\/li><li><strong>Polityka plik\u00f3w cookies lub innych podobnych technologii<\/strong> dost\u0119pna jest &lt;<a href=\"https:\/\/admin.mda.malopolska.pl\/cookies\/\">tutaj<\/a>>.<\/li><li><strong>Polityka plik\u00f3w cookies lub innych podobnych technologii<\/strong> stanowi integraln\u0105 cz\u0119\u015b\u0107 Regulaminu.<\/li><\/ol>\n\n\n\n<h4 class=\"wp-block-heading\"><strong>VII Polityka prywatno\u015bci<\/strong><\/h4>\n\n\n\n<ol class=\"wp-block-list\"><li>Wydawca mo\u017ce pozyskiwa\u0107 i przetwarza\u0107 dane osobowe U\u017cytkownik\u00f3w i inne informacje dotycz\u0105ce U\u017cytkownik\u00f3w. Zakres ten zosta\u0142 uregulowany w <strong>Polityce prywatno\u015bci do strony internetowej<\/strong>.<\/li><li><strong>Polityka prywatno\u015bci do strony internetowej<\/strong> dost\u0119pna jest &lt;<a href=\"https:\/\/admin.mda.malopolska.pl\/rodo\/\">tutaj<\/a>>.<\/li><li><strong>Polityka prywatno\u015bci strony internetowej <\/strong>stanowi integraln\u0105 cz\u0119\u015b\u0107 Regulaminu.<\/li><\/ol>\n\n\n\n<h4 class=\"wp-block-heading\"><strong>VIII Postanowienia ko\u0144cowe<\/strong><\/h4>\n\n\n\n<ol class=\"wp-block-list\"><li>Regulamin mo\u017ce zosta\u0107 zmieniony przez Wydawc\u0119 w ka\u017cdym czasie. Informacja o zmianach Regulaminu b\u0119dzie publikowana na stronie internetowej. Nie zwalnia to U\u017cytkownika z obowi\u0105zku ka\u017cdorazowego zapoznania si\u0119 z Regulaminem przed skorzystaniem ze strony internetowej.<\/li><li>Korzystanie przez U\u017cytkownika ze strony internetowej po wprowadzeniu zmian do Regulaminu jest r\u00f3wnoznaczne z ich akceptacj\u0105. W przypadku braku akceptacji zmian do Regulaminu U\u017cytkownik powinien niezw\u0142ocznie opu\u015bci\u0107 stron\u0119 internetow\u0105 i zaprzesta\u0107 jej przegl\u0105dania.<\/li><li>Zmiany do Regulaminu wchodz\u0105 w \u017cycie wraz z ich og\u0142oszeniem na stronie internetowej, chyba \u017ce Wydawca ustali inaczej.<\/li><\/ol>\n","protected":false},"excerpt":{"rendered":"<p>Regulamin strony internetowej I Informacje og\u00f3lne Wydawc\u0105 strony internetowej www.mda.malopolska.pl (dalej: strona internetowa) jest sp\u00f3\u0142ka pod firm\u0105 Ma\u0142opolskie Dworce Autobusowe S.A. z siedzib\u0105 w Krakowie, ul. Mosi\u0119\u017cnicza 3, 31-547 Krak\u00f3w, wpisana do&nbsp;Rejestru Przedsi\u0119biorc\u00f3w Krajowego Rejestru S\u0105dowego prowadzonego przez S\u0105d Rejonowy dla Krakowa-\u015ar\u00f3dmie\u015bcia w Krakowie XI Wydzia\u0142 Gospodarczy KRS pod&nbsp;numerem KRS 0000085864, kt\u00f3rej kapita\u0142 zak\u0142adowy wynosi [&hellip;]<\/p>\n","protected":false},"author":1,"featured_media":0,"parent":0,"menu_order":10,"comment_status":"closed","ping_status":"closed","template":"","meta":{"footnotes":""},"class_list":["post-567","page","type-page","status-publish","hentry"],"yoast_head":"<!-- This site is optimized with the Yoast SEO plugin v26.9 - https:\/\/yoast.com\/product\/yoast-seo-wordpress\/ -->\n<title>Regulamin strony internetowej www.mda.malopolska.pl - MDA<\/title>\n<meta name=\"robots\" content=\"noindex, follow, max-snippet:-1, max-image-preview:large, max-video-preview:-1\" \/>\n<meta property=\"og:locale\" content=\"pl_PL\" \/>\n<meta property=\"og:type\" content=\"article\" \/>\n<meta property=\"og:title\" content=\"Regulamin strony internetowej www.mda.malopolska.pl - MDA\" \/>\n<meta property=\"og:description\" content=\"Regulamin strony internetowej I Informacje og\u00f3lne Wydawc\u0105 strony internetowej www.mda.malopolska.pl (dalej: strona internetowa) jest sp\u00f3\u0142ka pod firm\u0105 Ma\u0142opolskie Dworce Autobusowe S.A. z siedzib\u0105 w Krakowie, ul. Mosi\u0119\u017cnicza 3, 31-547 Krak\u00f3w, wpisana do&nbsp;Rejestru Przedsi\u0119biorc\u00f3w Krajowego Rejestru S\u0105dowego prowadzonego przez S\u0105d Rejonowy dla Krakowa-\u015ar\u00f3dmie\u015bcia w Krakowie XI Wydzia\u0142 Gospodarczy KRS pod&nbsp;numerem KRS 0000085864, kt\u00f3rej kapita\u0142 zak\u0142adowy wynosi [&hellip;]\" \/>\n<meta property=\"og:url\" content=\"https:\/\/dev.papercut.pl\/mda\/regulamin-strony-internetowej-www-mda-malopolska-pl\/\" \/>\n<meta property=\"og:site_name\" content=\"MDA\" \/>\n<meta property=\"article:publisher\" content=\"https:\/\/www.facebook.com\/MalopolskieDworceAutobusowe\" \/>\n<meta property=\"article:modified_time\" content=\"2021-02-04T09:11:52+00:00\" \/>\n<meta property=\"og:image\" content=\"https:\/\/dev.papercut.pl\/mda\/wp-content\/uploads\/2021\/01\/137051683_1559589810890912_8780083932668243964_o.jpg\" \/>\n\t<meta property=\"og:image:width\" content=\"2048\" \/>\n\t<meta property=\"og:image:height\" content=\"1366\" \/>\n\t<meta property=\"og:image:type\" content=\"image\/jpeg\" \/>\n<meta name=\"twitter:card\" content=\"summary_large_image\" \/>\n<meta name=\"twitter:label1\" content=\"Szacowany czas czytania\" \/>\n\t<meta name=\"twitter:data1\" content=\"7 minut\" \/>\n<script type=\"application\/ld+json\" class=\"yoast-schema-graph\">{\"@context\":\"https:\/\/schema.org\",\"@graph\":[{\"@type\":\"WebPage\",\"@id\":\"https:\/\/dev.papercut.pl\/mda\/regulamin-strony-internetowej-www-mda-malopolska-pl\/\",\"url\":\"https:\/\/dev.papercut.pl\/mda\/regulamin-strony-internetowej-www-mda-malopolska-pl\/\",\"name\":\"Regulamin strony internetowej www.mda.malopolska.pl - MDA\",\"isPartOf\":{\"@id\":\"https:\/\/dev.papercut.pl\/mda\/#website\"},\"datePublished\":\"2021-01-18T15:43:45+00:00\",\"dateModified\":\"2021-02-04T09:11:52+00:00\",\"breadcrumb\":{\"@id\":\"https:\/\/dev.papercut.pl\/mda\/regulamin-strony-internetowej-www-mda-malopolska-pl\/#breadcrumb\"},\"inLanguage\":\"pl-PL\",\"potentialAction\":[{\"@type\":\"ReadAction\",\"target\":[\"https:\/\/dev.papercut.pl\/mda\/regulamin-strony-internetowej-www-mda-malopolska-pl\/\"]}]},{\"@type\":\"BreadcrumbList\",\"@id\":\"https:\/\/dev.papercut.pl\/mda\/regulamin-strony-internetowej-www-mda-malopolska-pl\/#breadcrumb\",\"itemListElement\":[{\"@type\":\"ListItem\",\"position\":1,\"name\":\"Strona g\u0142\u00f3wna\",\"item\":\"https:\/\/dev.papercut.pl\/mda\/\"},{\"@type\":\"ListItem\",\"position\":2,\"name\":\"Regulamin strony internetowej www.mda.malopolska.pl\"}]},{\"@type\":\"WebSite\",\"@id\":\"https:\/\/dev.papercut.pl\/mda\/#website\",\"url\":\"https:\/\/dev.papercut.pl\/mda\/\",\"name\":\"MDA\",\"description\":\"\",\"publisher\":{\"@id\":\"https:\/\/dev.papercut.pl\/mda\/#organization\"},\"potentialAction\":[{\"@type\":\"SearchAction\",\"target\":{\"@type\":\"EntryPoint\",\"urlTemplate\":\"https:\/\/dev.papercut.pl\/mda\/?s={search_term_string}\"},\"query-input\":{\"@type\":\"PropertyValueSpecification\",\"valueRequired\":true,\"valueName\":\"search_term_string\"}}],\"inLanguage\":\"pl-PL\"},{\"@type\":\"Organization\",\"@id\":\"https:\/\/dev.papercut.pl\/mda\/#organization\",\"name\":\"MDA\",\"url\":\"https:\/\/dev.papercut.pl\/mda\/\",\"logo\":{\"@type\":\"ImageObject\",\"inLanguage\":\"pl-PL\",\"@id\":\"https:\/\/dev.papercut.pl\/mda\/#\/schema\/logo\/image\/\",\"url\":\"https:\/\/dev.papercut.pl\/mda\/wp-content\/uploads\/2021\/01\/MDA-logo.png\",\"contentUrl\":\"https:\/\/dev.papercut.pl\/mda\/wp-content\/uploads\/2021\/01\/MDA-logo.png\",\"width\":527,\"height\":160,\"caption\":\"MDA\"},\"image\":{\"@id\":\"https:\/\/dev.papercut.pl\/mda\/#\/schema\/logo\/image\/\"},\"sameAs\":[\"https:\/\/www.facebook.com\/MalopolskieDworceAutobusowe\",\"https:\/\/www.instagram.com\/mpk_krakow\/\"]}]}<\/script>\n<!-- \/ Yoast SEO plugin. -->","yoast_head_json":{"title":"Regulamin strony internetowej www.mda.malopolska.pl - MDA","robots":{"index":"noindex","follow":"follow","max-snippet":"max-snippet:-1","max-image-preview":"max-image-preview:large","max-video-preview":"max-video-preview:-1"},"og_locale":"pl_PL","og_type":"article","og_title":"Regulamin strony internetowej www.mda.malopolska.pl - MDA","og_description":"Regulamin strony internetowej I Informacje og\u00f3lne Wydawc\u0105 strony internetowej www.mda.malopolska.pl (dalej: strona internetowa) jest sp\u00f3\u0142ka pod firm\u0105 Ma\u0142opolskie Dworce Autobusowe S.A. z siedzib\u0105 w Krakowie, ul. Mosi\u0119\u017cnicza 3, 31-547 Krak\u00f3w, wpisana do&nbsp;Rejestru Przedsi\u0119biorc\u00f3w Krajowego Rejestru S\u0105dowego prowadzonego przez S\u0105d Rejonowy dla Krakowa-\u015ar\u00f3dmie\u015bcia w Krakowie XI Wydzia\u0142 Gospodarczy KRS pod&nbsp;numerem KRS 0000085864, kt\u00f3rej kapita\u0142 zak\u0142adowy wynosi [&hellip;]","og_url":"https:\/\/dev.papercut.pl\/mda\/regulamin-strony-internetowej-www-mda-malopolska-pl\/","og_site_name":"MDA","article_publisher":"https:\/\/www.facebook.com\/MalopolskieDworceAutobusowe","article_modified_time":"2021-02-04T09:11:52+00:00","og_image":[{"width":2048,"height":1366,"url":"https:\/\/dev.papercut.pl\/mda\/wp-content\/uploads\/2021\/01\/137051683_1559589810890912_8780083932668243964_o.jpg","type":"image\/jpeg"}],"twitter_card":"summary_large_image","twitter_misc":{"Szacowany czas czytania":"7 minut"},"schema":{"@context":"https:\/\/schema.org","@graph":[{"@type":"WebPage","@id":"https:\/\/dev.papercut.pl\/mda\/regulamin-strony-internetowej-www-mda-malopolska-pl\/","url":"https:\/\/dev.papercut.pl\/mda\/regulamin-strony-internetowej-www-mda-malopolska-pl\/","name":"Regulamin strony internetowej www.mda.malopolska.pl - MDA","isPartOf":{"@id":"https:\/\/dev.papercut.pl\/mda\/#website"},"datePublished":"2021-01-18T15:43:45+00:00","dateModified":"2021-02-04T09:11:52+00:00","breadcrumb":{"@id":"https:\/\/dev.papercut.pl\/mda\/regulamin-strony-internetowej-www-mda-malopolska-pl\/#breadcrumb"},"inLanguage":"pl-PL","potentialAction":[{"@type":"ReadAction","target":["https:\/\/dev.papercut.pl\/mda\/regulamin-strony-internetowej-www-mda-malopolska-pl\/"]}]},{"@type":"BreadcrumbList","@id":"https:\/\/dev.papercut.pl\/mda\/regulamin-strony-internetowej-www-mda-malopolska-pl\/#breadcrumb","itemListElement":[{"@type":"ListItem","position":1,"name":"Strona g\u0142\u00f3wna","item":"https:\/\/dev.papercut.pl\/mda\/"},{"@type":"ListItem","position":2,"name":"Regulamin strony internetowej www.mda.malopolska.pl"}]},{"@type":"WebSite","@id":"https:\/\/dev.papercut.pl\/mda\/#website","url":"https:\/\/dev.papercut.pl\/mda\/","name":"MDA","description":"","publisher":{"@id":"https:\/\/dev.papercut.pl\/mda\/#organization"},"potentialAction":[{"@type":"SearchAction","target":{"@type":"EntryPoint","urlTemplate":"https:\/\/dev.papercut.pl\/mda\/?s={search_term_string}"},"query-input":{"@type":"PropertyValueSpecification","valueRequired":true,"valueName":"search_term_string"}}],"inLanguage":"pl-PL"},{"@type":"Organization","@id":"https:\/\/dev.papercut.pl\/mda\/#organization","name":"MDA","url":"https:\/\/dev.papercut.pl\/mda\/","logo":{"@type":"ImageObject","inLanguage":"pl-PL","@id":"https:\/\/dev.papercut.pl\/mda\/#\/schema\/logo\/image\/","url":"https:\/\/dev.papercut.pl\/mda\/wp-content\/uploads\/2021\/01\/MDA-logo.png","contentUrl":"https:\/\/dev.papercut.pl\/mda\/wp-content\/uploads\/2021\/01\/MDA-logo.png","width":527,"height":160,"caption":"MDA"},"image":{"@id":"https:\/\/dev.papercut.pl\/mda\/#\/schema\/logo\/image\/"},"sameAs":["https:\/\/www.facebook.com\/MalopolskieDworceAutobusowe","https:\/\/www.instagram.com\/mpk_krakow\/"]}]}},"_links":{"self":[{"href":"https:\/\/dev.papercut.pl\/mda\/wp-json\/wp\/v2\/pages\/567","targetHints":{"allow":["GET"]}}],"collection":[{"href":"https:\/\/dev.papercut.pl\/mda\/wp-json\/wp\/v2\/pages"}],"about":[{"href":"https:\/\/dev.papercut.pl\/mda\/wp-json\/wp\/v2\/types\/page"}],"author":[{"embeddable":true,"href":"https:\/\/dev.papercut.pl\/mda\/wp-json\/wp\/v2\/users\/1"}],"replies":[{"embeddable":true,"href":"https:\/\/dev.papercut.pl\/mda\/wp-json\/wp\/v2\/comments?post=567"}],"version-history":[{"count":24,"href":"https:\/\/dev.papercut.pl\/mda\/wp-json\/wp\/v2\/pages\/567\/revisions"}],"predecessor-version":[{"id":1004,"href":"https:\/\/dev.papercut.pl\/mda\/wp-json\/wp\/v2\/pages\/567\/revisions\/1004"}],"wp:attachment":[{"href":"https:\/\/dev.papercut.pl\/mda\/wp-json\/wp\/v2\/media?parent=567"}],"curies":[{"name":"wp","href":"https:\/\/api.w.org\/{rel}","templated":true}]}}