{"id":310,"date":"2021-01-11T17:20:35","date_gmt":"2021-01-11T16:20:35","guid":{"rendered":"http:\/\/dev.papercut.pl\/mda\/?page_id=310"},"modified":"2021-01-18T13:26:02","modified_gmt":"2021-01-18T12:26:02","slug":"dla-najemcow-i-reklamodawcow","status":"publish","type":"page","link":"https:\/\/dev.papercut.pl\/mda\/dla-najemcow-i-reklamodawcow\/","title":{"rendered":"Dla najemc\u00f3w i reklamodawc\u00f3w"},"content":{"rendered":"\n<h2 class=\"has-text-align-center width-80 fade-up wp-block-heading\">\u015awiadczymy us\u0142ugi najmu powierzchni komercyjnych z przeznaczeniem pod dzia\u0142alno\u015b\u0107 handlowo-us\u0142ugow\u0105 i biurow\u0105 oraz powierzchni reklamowych na terenie zarz\u0105dzanych przez siebie dworc\u00f3w w Krakowie oraz Nowym S\u0105czu.<\/h2>\n\n\n\n<h5 class=\"has-text-align-center mt__3 pt__2 width-80 fade-up wp-block-heading\"><strong>W swojej ofercie posiadamy r\u00f3wnie\u017c lokale us\u0142ugowe o zr\u00f3\u017cnicowanej wielko\u015bci i uk\u0142adzie.<\/strong><\/h5>\n\n\n\n<p class=\"fade-up\">Oferujemy obs\u0142ug\u0119 kampanii reklamowych na no\u015bnikach citylight, banner, plakat, ulotki, ekrany LED i LCD oraz wynajem przestrzeni dworca pod realizacj\u0119 akcji promocyjnych (stoiska reklamowe, hostessy).<\/p>\n\n\n\n<p class=\"fade-up\">Zapraszamy do kontaktu. W odpowiedzi na zapytanie przygotujemy spersonalizowan\u0105 ofert\u0119 oraz zaproponujemy spotkanie w dogodnym dla Pa\u0144stwa terminie.&nbsp;<\/p>\n\n\n\n<div class=\"wp-block-group fade-up\"><div class=\"wp-block-group__inner-container is-layout-flow wp-block-group-is-layout-flow\">\n<h2 class=\"wp-block-heading\">Krak\u00f3w<\/h2>\n\n\n\n<h5 class=\"wp-block-heading\"><strong>Najem powierzchni komercyjnych<\/strong><\/h5>\n\n\n\n<p>W swojej ofercie posiadamy lokale z przeznaczeniem zar\u00f3wno pod dzia\u0142alno\u015b\u0107 handlowo-us\u0142ugow\u0105, jak i biurow\u0105.<\/p>\n\n\n\n<p>Lokale o zr\u00f3\u017cnicowanej powierzchni zlokalizowane s\u0105 na g\u00f3rnej p\u0142ycie dworca, w s\u0105siedztwie stanowisk odjazdowych przy dolnej p\u0142ycie dworca w s\u0105siedztwie Tunelu Magda oraz w obr\u0119bie budynku dworca.<\/p>\n\n\n\n<p>W celu nawi\u0105zaniu wsp\u00f3\u0142pracy, prosimy o kontakt:<\/p>\n\n\n\n<p><strong>Anna Kusto\u015b<\/strong><br>E-mail:&nbsp;<a href=\"mailto:najem@mda.malopolska.pl\">najem@mda.malopolska.pl<\/a><\/p>\n\n\n\n<h5 class=\"wp-block-heading\"><strong>Najem powierzchni reklamowych<\/strong><\/h5>\n\n\n\n<p>Reklama zewn\u0119trzna to medium, kt\u00f3re bezpo\u015brednio \u0142\u0105czy przekaz reklamowy z jego odbiorc\u0105 i przez 24h na dob\u0119 dociera do potencjalnego klienta.<\/p>\n\n\n\n<p>Na terenie Dworca oferujemy miejsce pod reklam\u0119 w formie: banneru, plakat\u00f3w, ulotek, krzese\u0142ek reklamowych, spot\u00f3w na naszych ekranach TV i LED oraz akcji promocyjnych.<\/p>\n\n\n\n<p>Na \u017cyczenie klienta oferujemy wydruk oraz monta\u017c reklam. Na koniec dostarczamy raport wraz ze zdj\u0119ciami z przeprowadzonej kampanii reklamowej.<\/p>\n\n\n\n<p>W celu nawi\u0105zaniu wsp\u00f3\u0142pracy, prosimy o kontakt:<\/p>\n\n\n\n<p><strong>Agnieszka Pawe\u0142oszek<\/strong><br>E-mail:&nbsp;<a href=\"mailto:reklama@mda.malopolska.pl\">reklama@mda.malopolska.pl<\/a><\/p>\n\n\n\n<h5 class=\"wp-block-heading\">Reklama drukowana<\/h5>\n\n\n\n<p>Opr\u00f3cz no\u015bnik\u00f3w outodoorowych oferujemy r\u00f3wnie\u017c miejsce na reklam\u0119 w wydawanym przez Sp\u00f3\u0142k\u0119 dwumiesi\u0119czniku \u201eTwoja Podr\u00f3\u017c.\u201d&nbsp;Magazyn &#8211; w nak\u0142adzie 15 tys. egzemplarzy &#8211; dociera do pasa\u017cer\u00f3w korzystaj\u0105cych z us\u0142ug naszych dworc\u00f3w w Krakowie oraz Nowym S\u0105czu. Przejrzysty i nowoczesny layout pozwala na odpowiednie wyeksponowanie reklamy.<\/p>\n\n\n\n<p class=\"has-text-color\" style=\"color:#003a77\"><strong>W zwi\u0105zku z wprowadzeniem stanu pandemii wydawanie magazynu &#8222;Twoja Podr\u00f3\u017c&#8221; zosta\u0142o zawieszone do odwo\u0142ania.<\/strong><\/p>\n\n\n\n<p>Oferujemy r\u00f3wnie\u017c \u0142\u0105czone pakiety reklamowe, obejmuj\u0105ce no\u015bniki outdoorowe wraz z reklam\u0105 drukowan\u0105.&nbsp;<\/p>\n\n\n\n<p>W celu nawi\u0105zaniu wsp\u00f3\u0142pracy, prosimy o kontakt pod adresem e-mail:<\/p>\n\n\n\n<p><strong>Katarzyna Synowiec<\/strong><br>E-mail:&nbsp;<a href=\"mailto:redakcja@mda.malopolska.pl\">redakcja@mda.malopolska.pl<\/a><\/p>\n\n\n\n<h2 class=\"wp-block-heading\">Nowy S\u0105cz<\/h2>\n\n\n\n<h5 class=\"wp-block-heading\">Najem powierzchni reklamowych<\/h5>\n\n\n\n<p>Na terenie Dworca w Nowym S\u0105czu oferujemy pod wynajem 16 no\u015bnik\u00f3w citylight ustawionych na p\u0142ycie przy stanowiskach odjazdowych. Citylighty to nowoczesne no\u015bniki, kt\u00f3re umo\u017cliwiaj\u0105 naturalny przekaz komunikatu reklamowego. Pomimo niewielkiego formatu gwarantuj\u0105 du\u017cy zasi\u0119g, a dzi\u0119ki ich lokalizacji w miejscach oczekiwania podr\u00f3\u017cnych na autobus zapewniaj\u0105 d\u0142ugi kontakt odbiorcy z reklam\u0105. O\u015bwietlenie gwarantuje niezmienn\u0105 widoczno\u015b\u0107 powierzchni reklamowej przez ca\u0142\u0105 dob\u0119.<\/p>\n\n\n\n<p>W celu nawi\u0105zaniu wsp\u00f3\u0142pracy, prosimy o kontakt:<\/p>\n\n\n\n<p><strong>Agnieszka Pawe\u0142oszek<\/strong><br>E-mail:&nbsp;<a href=\"mailto:reklama@mda.malopolska.pl\">reklama@mda.malopolska.pl<\/a><\/p>\n\n\n\n<h2 class=\"wp-block-heading\">Dokumenty do pobrania<\/h2>\n\n\n\n<div class=\"wp-block-file\"><a href=\"https:\/\/admin.mda.malopolska.pl\/wp-content\/uploads\/2021\/01\/Oferta-lokali-komercyjnych_MDA-KRK-1.pdf\">Oferta lokali komercyjnych MDA Krak\u00f3w<\/a><a href=\"https:\/\/admin.mda.malopolska.pl\/wp-content\/uploads\/2021\/01\/Oferta-lokali-komercyjnych_MDA-KRK-1.pdf\" class=\"wp-block-file__button\" download>Pobierz<\/a><\/div>\n\n\n\n<div class=\"wp-block-file\"><a href=\"https:\/\/admin.mda.malopolska.pl\/wp-content\/uploads\/2021\/01\/2020_Oferta-powierzchni-reklamowych_MDA-KRK.pdf\">Oferta powierzchni reklamowych MDA Krak\u00f3w<\/a><a href=\"https:\/\/admin.mda.malopolska.pl\/wp-content\/uploads\/2021\/01\/2020_Oferta-powierzchni-reklamowych_MDA-KRK.pdf\" class=\"wp-block-file__button\" download>Pobierz<\/a><\/div>\n\n\n\n<div class=\"wp-block-file\"><a href=\"https:\/\/admin.mda.malopolska.pl\/wp-content\/uploads\/2021\/01\/2020_Oferta-modulo\u0301w-reklamowych_TWOJA-PODRO\u0301Z\u0307.pdf\">Oferta modu\u0142\u00f3w reklamowych &#8222;Twoja Podr\u00f3\u017c&#8221;<\/a><a href=\"https:\/\/admin.mda.malopolska.pl\/wp-content\/uploads\/2021\/01\/2020_Oferta-modulo\u0301w-reklamowych_TWOJA-PODRO\u0301Z\u0307.pdf\" class=\"wp-block-file__button\" download>Pobierz<\/a><\/div>\n<\/div><\/div>\n","protected":false},"excerpt":{"rendered":"<p>\u015awiadczymy us\u0142ugi najmu powierzchni komercyjnych z przeznaczeniem pod dzia\u0142alno\u015b\u0107 handlowo-us\u0142ugow\u0105 i biurow\u0105 oraz powierzchni reklamowych na terenie zarz\u0105dzanych przez siebie dworc\u00f3w w Krakowie oraz Nowym S\u0105czu. W swojej ofercie posiadamy r\u00f3wnie\u017c lokale us\u0142ugowe o zr\u00f3\u017cnicowanej wielko\u015bci i uk\u0142adzie. Oferujemy obs\u0142ug\u0119 kampanii reklamowych na no\u015bnikach citylight, banner, plakat, ulotki, ekrany LED i LCD oraz wynajem przestrzeni [&hellip;]<\/p>\n","protected":false},"author":1,"featured_media":121,"parent":0,"menu_order":23,"comment_status":"closed","ping_status":"closed","template":"","meta":{"footnotes":""},"class_list":["post-310","page","type-page","status-publish","has-post-thumbnail","hentry"],"yoast_head":"<!-- This site is optimized with the Yoast SEO plugin v26.9 - https:\/\/yoast.com\/product\/yoast-seo-wordpress\/ -->\n<title>Dla najemc\u00f3w i reklamodawc\u00f3w - MDA<\/title>\n<meta name=\"robots\" content=\"noindex, follow, max-snippet:-1, max-image-preview:large, max-video-preview:-1\" \/>\n<meta property=\"og:locale\" content=\"pl_PL\" \/>\n<meta property=\"og:type\" content=\"article\" \/>\n<meta property=\"og:title\" content=\"Dla najemc\u00f3w i reklamodawc\u00f3w - MDA\" \/>\n<meta property=\"og:description\" content=\"\u015awiadczymy us\u0142ugi najmu powierzchni komercyjnych z przeznaczeniem pod dzia\u0142alno\u015b\u0107 handlowo-us\u0142ugow\u0105 i biurow\u0105 oraz powierzchni reklamowych na terenie zarz\u0105dzanych przez siebie dworc\u00f3w w Krakowie oraz Nowym S\u0105czu. W swojej ofercie posiadamy r\u00f3wnie\u017c lokale us\u0142ugowe o zr\u00f3\u017cnicowanej wielko\u015bci i uk\u0142adzie. Oferujemy obs\u0142ug\u0119 kampanii reklamowych na no\u015bnikach citylight, banner, plakat, ulotki, ekrany LED i LCD oraz wynajem przestrzeni [&hellip;]\" \/>\n<meta property=\"og:url\" content=\"https:\/\/dev.papercut.pl\/mda\/dla-najemcow-i-reklamodawcow\/\" \/>\n<meta property=\"og:site_name\" content=\"MDA\" \/>\n<meta property=\"article:publisher\" content=\"https:\/\/www.facebook.com\/MalopolskieDworceAutobusowe\" \/>\n<meta property=\"article:modified_time\" content=\"2021-01-18T12:26:02+00:00\" \/>\n<meta property=\"og:image\" content=\"https:\/\/dev.papercut.pl\/mda\/wp-content\/uploads\/2021\/01\/Group-6.png\" \/>\n\t<meta property=\"og:image:width\" content=\"812\" \/>\n\t<meta property=\"og:image:height\" content=\"375\" \/>\n\t<meta property=\"og:image:type\" content=\"image\/png\" \/>\n<meta name=\"twitter:card\" content=\"summary_large_image\" \/>\n<meta name=\"twitter:label1\" content=\"Szacowany czas czytania\" \/>\n\t<meta name=\"twitter:data1\" content=\"2 minuty\" \/>\n<script type=\"application\/ld+json\" class=\"yoast-schema-graph\">{\"@context\":\"https:\/\/schema.org\",\"@graph\":[{\"@type\":\"WebPage\",\"@id\":\"https:\/\/dev.papercut.pl\/mda\/dla-najemcow-i-reklamodawcow\/\",\"url\":\"https:\/\/dev.papercut.pl\/mda\/dla-najemcow-i-reklamodawcow\/\",\"name\":\"Dla najemc\u00f3w i reklamodawc\u00f3w - MDA\",\"isPartOf\":{\"@id\":\"https:\/\/dev.papercut.pl\/mda\/#website\"},\"primaryImageOfPage\":{\"@id\":\"https:\/\/dev.papercut.pl\/mda\/dla-najemcow-i-reklamodawcow\/#primaryimage\"},\"image\":{\"@id\":\"https:\/\/dev.papercut.pl\/mda\/dla-najemcow-i-reklamodawcow\/#primaryimage\"},\"thumbnailUrl\":\"https:\/\/dev.papercut.pl\/mda\/wp-content\/uploads\/2021\/01\/Group-6.png\",\"datePublished\":\"2021-01-11T16:20:35+00:00\",\"dateModified\":\"2021-01-18T12:26:02+00:00\",\"breadcrumb\":{\"@id\":\"https:\/\/dev.papercut.pl\/mda\/dla-najemcow-i-reklamodawcow\/#breadcrumb\"},\"inLanguage\":\"pl-PL\",\"potentialAction\":[{\"@type\":\"ReadAction\",\"target\":[\"https:\/\/dev.papercut.pl\/mda\/dla-najemcow-i-reklamodawcow\/\"]}]},{\"@type\":\"ImageObject\",\"inLanguage\":\"pl-PL\",\"@id\":\"https:\/\/dev.papercut.pl\/mda\/dla-najemcow-i-reklamodawcow\/#primaryimage\",\"url\":\"https:\/\/dev.papercut.pl\/mda\/wp-content\/uploads\/2021\/01\/Group-6.png\",\"contentUrl\":\"https:\/\/dev.papercut.pl\/mda\/wp-content\/uploads\/2021\/01\/Group-6.png\",\"width\":812,\"height\":375},{\"@type\":\"BreadcrumbList\",\"@id\":\"https:\/\/dev.papercut.pl\/mda\/dla-najemcow-i-reklamodawcow\/#breadcrumb\",\"itemListElement\":[{\"@type\":\"ListItem\",\"position\":1,\"name\":\"Strona g\u0142\u00f3wna\",\"item\":\"https:\/\/dev.papercut.pl\/mda\/\"},{\"@type\":\"ListItem\",\"position\":2,\"name\":\"Dla najemc\u00f3w i reklamodawc\u00f3w\"}]},{\"@type\":\"WebSite\",\"@id\":\"https:\/\/dev.papercut.pl\/mda\/#website\",\"url\":\"https:\/\/dev.papercut.pl\/mda\/\",\"name\":\"MDA\",\"description\":\"\",\"publisher\":{\"@id\":\"https:\/\/dev.papercut.pl\/mda\/#organization\"},\"potentialAction\":[{\"@type\":\"SearchAction\",\"target\":{\"@type\":\"EntryPoint\",\"urlTemplate\":\"https:\/\/dev.papercut.pl\/mda\/?s={search_term_string}\"},\"query-input\":{\"@type\":\"PropertyValueSpecification\",\"valueRequired\":true,\"valueName\":\"search_term_string\"}}],\"inLanguage\":\"pl-PL\"},{\"@type\":\"Organization\",\"@id\":\"https:\/\/dev.papercut.pl\/mda\/#organization\",\"name\":\"MDA\",\"url\":\"https:\/\/dev.papercut.pl\/mda\/\",\"logo\":{\"@type\":\"ImageObject\",\"inLanguage\":\"pl-PL\",\"@id\":\"https:\/\/dev.papercut.pl\/mda\/#\/schema\/logo\/image\/\",\"url\":\"https:\/\/dev.papercut.pl\/mda\/wp-content\/uploads\/2021\/01\/MDA-logo.png\",\"contentUrl\":\"https:\/\/dev.papercut.pl\/mda\/wp-content\/uploads\/2021\/01\/MDA-logo.png\",\"width\":527,\"height\":160,\"caption\":\"MDA\"},\"image\":{\"@id\":\"https:\/\/dev.papercut.pl\/mda\/#\/schema\/logo\/image\/\"},\"sameAs\":[\"https:\/\/www.facebook.com\/MalopolskieDworceAutobusowe\",\"https:\/\/www.instagram.com\/mpk_krakow\/\"]}]}<\/script>\n<!-- \/ Yoast SEO plugin. -->","yoast_head_json":{"title":"Dla najemc\u00f3w i reklamodawc\u00f3w - MDA","robots":{"index":"noindex","follow":"follow","max-snippet":"max-snippet:-1","max-image-preview":"max-image-preview:large","max-video-preview":"max-video-preview:-1"},"og_locale":"pl_PL","og_type":"article","og_title":"Dla najemc\u00f3w i reklamodawc\u00f3w - MDA","og_description":"\u015awiadczymy us\u0142ugi najmu powierzchni komercyjnych z przeznaczeniem pod dzia\u0142alno\u015b\u0107 handlowo-us\u0142ugow\u0105 i biurow\u0105 oraz powierzchni reklamowych na terenie zarz\u0105dzanych przez siebie dworc\u00f3w w Krakowie oraz Nowym S\u0105czu. W swojej ofercie posiadamy r\u00f3wnie\u017c lokale us\u0142ugowe o zr\u00f3\u017cnicowanej wielko\u015bci i uk\u0142adzie. Oferujemy obs\u0142ug\u0119 kampanii reklamowych na no\u015bnikach citylight, banner, plakat, ulotki, ekrany LED i LCD oraz wynajem przestrzeni [&hellip;]","og_url":"https:\/\/dev.papercut.pl\/mda\/dla-najemcow-i-reklamodawcow\/","og_site_name":"MDA","article_publisher":"https:\/\/www.facebook.com\/MalopolskieDworceAutobusowe","article_modified_time":"2021-01-18T12:26:02+00:00","og_image":[{"width":812,"height":375,"url":"https:\/\/dev.papercut.pl\/mda\/wp-content\/uploads\/2021\/01\/Group-6.png","type":"image\/png"}],"twitter_card":"summary_large_image","twitter_misc":{"Szacowany czas czytania":"2 minuty"},"schema":{"@context":"https:\/\/schema.org","@graph":[{"@type":"WebPage","@id":"https:\/\/dev.papercut.pl\/mda\/dla-najemcow-i-reklamodawcow\/","url":"https:\/\/dev.papercut.pl\/mda\/dla-najemcow-i-reklamodawcow\/","name":"Dla najemc\u00f3w i reklamodawc\u00f3w - MDA","isPartOf":{"@id":"https:\/\/dev.papercut.pl\/mda\/#website"},"primaryImageOfPage":{"@id":"https:\/\/dev.papercut.pl\/mda\/dla-najemcow-i-reklamodawcow\/#primaryimage"},"image":{"@id":"https:\/\/dev.papercut.pl\/mda\/dla-najemcow-i-reklamodawcow\/#primaryimage"},"thumbnailUrl":"https:\/\/dev.papercut.pl\/mda\/wp-content\/uploads\/2021\/01\/Group-6.png","datePublished":"2021-01-11T16:20:35+00:00","dateModified":"2021-01-18T12:26:02+00:00","breadcrumb":{"@id":"https:\/\/dev.papercut.pl\/mda\/dla-najemcow-i-reklamodawcow\/#breadcrumb"},"inLanguage":"pl-PL","potentialAction":[{"@type":"ReadAction","target":["https:\/\/dev.papercut.pl\/mda\/dla-najemcow-i-reklamodawcow\/"]}]},{"@type":"ImageObject","inLanguage":"pl-PL","@id":"https:\/\/dev.papercut.pl\/mda\/dla-najemcow-i-reklamodawcow\/#primaryimage","url":"https:\/\/dev.papercut.pl\/mda\/wp-content\/uploads\/2021\/01\/Group-6.png","contentUrl":"https:\/\/dev.papercut.pl\/mda\/wp-content\/uploads\/2021\/01\/Group-6.png","width":812,"height":375},{"@type":"BreadcrumbList","@id":"https:\/\/dev.papercut.pl\/mda\/dla-najemcow-i-reklamodawcow\/#breadcrumb","itemListElement":[{"@type":"ListItem","position":1,"name":"Strona g\u0142\u00f3wna","item":"https:\/\/dev.papercut.pl\/mda\/"},{"@type":"ListItem","position":2,"name":"Dla najemc\u00f3w i reklamodawc\u00f3w"}]},{"@type":"WebSite","@id":"https:\/\/dev.papercut.pl\/mda\/#website","url":"https:\/\/dev.papercut.pl\/mda\/","name":"MDA","description":"","publisher":{"@id":"https:\/\/dev.papercut.pl\/mda\/#organization"},"potentialAction":[{"@type":"SearchAction","target":{"@type":"EntryPoint","urlTemplate":"https:\/\/dev.papercut.pl\/mda\/?s={search_term_string}"},"query-input":{"@type":"PropertyValueSpecification","valueRequired":true,"valueName":"search_term_string"}}],"inLanguage":"pl-PL"},{"@type":"Organization","@id":"https:\/\/dev.papercut.pl\/mda\/#organization","name":"MDA","url":"https:\/\/dev.papercut.pl\/mda\/","logo":{"@type":"ImageObject","inLanguage":"pl-PL","@id":"https:\/\/dev.papercut.pl\/mda\/#\/schema\/logo\/image\/","url":"https:\/\/dev.papercut.pl\/mda\/wp-content\/uploads\/2021\/01\/MDA-logo.png","contentUrl":"https:\/\/dev.papercut.pl\/mda\/wp-content\/uploads\/2021\/01\/MDA-logo.png","width":527,"height":160,"caption":"MDA"},"image":{"@id":"https:\/\/dev.papercut.pl\/mda\/#\/schema\/logo\/image\/"},"sameAs":["https:\/\/www.facebook.com\/MalopolskieDworceAutobusowe","https:\/\/www.instagram.com\/mpk_krakow\/"]}]}},"_links":{"self":[{"href":"https:\/\/dev.papercut.pl\/mda\/wp-json\/wp\/v2\/pages\/310","targetHints":{"allow":["GET"]}}],"collection":[{"href":"https:\/\/dev.papercut.pl\/mda\/wp-json\/wp\/v2\/pages"}],"about":[{"href":"https:\/\/dev.papercut.pl\/mda\/wp-json\/wp\/v2\/types\/page"}],"author":[{"embeddable":true,"href":"https:\/\/dev.papercut.pl\/mda\/wp-json\/wp\/v2\/users\/1"}],"replies":[{"embeddable":true,"href":"https:\/\/dev.papercut.pl\/mda\/wp-json\/wp\/v2\/comments?post=310"}],"version-history":[{"count":7,"href":"https:\/\/dev.papercut.pl\/mda\/wp-json\/wp\/v2\/pages\/310\/revisions"}],"predecessor-version":[{"id":544,"href":"https:\/\/dev.papercut.pl\/mda\/wp-json\/wp\/v2\/pages\/310\/revisions\/544"}],"wp:featuredmedia":[{"embeddable":true,"href":"https:\/\/dev.papercut.pl\/mda\/wp-json\/wp\/v2\/media\/121"}],"wp:attachment":[{"href":"https:\/\/dev.papercut.pl\/mda\/wp-json\/wp\/v2\/media?parent=310"}],"curies":[{"name":"wp","href":"https:\/\/api.w.org\/{rel}","templated":true}]}}