{"id":150,"date":"2021-01-08T11:07:22","date_gmt":"2021-01-08T10:07:22","guid":{"rendered":"http:\/\/local.mda\/?page_id=150"},"modified":"2021-02-12T07:33:39","modified_gmt":"2021-02-12T06:33:39","slug":"dla-przewoznikow","status":"publish","type":"page","link":"https:\/\/dev.papercut.pl\/mda\/dla-przewoznikow\/","title":{"rendered":"Dla przewo\u017anik\u00f3w"},"content":{"rendered":"\n<h2 class=\"has-text-align-center width-80 fade-up wp-block-heading\">W celu usprawnienia procesu obs\u0142ugi, poni\u017cej zamieszczamy niezb\u0119dne formularze dla przewo\u017anik\u00f3w wsp\u00f3\u0142pracuj\u0105cych, b\u0105d\u017a planuj\u0105cych rozpocz\u0105\u0107 wsp\u00f3\u0142prac\u0119 ze Sp\u00f3\u0142k\u0105 MDA S.A.<\/h2>\n\n\n\n<h5 class=\"has-text-align-center mt__3 pt__2 width-80 fade-up wp-block-heading\"><strong>Wydrukowany, wype\u0142niony i podpisany odr\u0119cznie formularz prosimy przekaza\u0107 na jeden z poni\u017cszych sposob\u00f3w:<\/strong><\/h5>\n\n\n\n<div class=\"wp-block-columns pt__3 width-80 is-layout-flex wp-container-core-columns-is-layout-9d6595d7 wp-block-columns-is-layout-flex\">\n<div class=\"wp-block-column fade-columns mb__3 is-layout-flow wp-block-column-is-layout-flow\">\n<div class=\"wp-block-image\"><figure class=\"aligncenter size-large\"><img loading=\"lazy\" decoding=\"async\" width=\"87\" height=\"58\" src=\"https:\/\/admin.mda.malopolska.pl\/wp-content\/uploads\/2021\/01\/Path-470.png\" alt=\"\" class=\"wp-image-164\"\/><\/figure><\/div>\n\n\n\n<p class=\"has-text-align-center\"><strong>Dostarczy\u0107 do biura<\/strong> <strong>Sp\u00f3\u0142ki<\/strong><br>Ma\u0142opolskie Dworce Autobusowe S.A.<br>ul. Bosacka 18<br>31-505 Krak\u00f3w<br>(czynne: pn.-pt. 6:00-14:00)<\/p>\n<\/div>\n\n\n\n<div class=\"wp-block-column fade-columns mb__3 is-layout-flow wp-block-column-is-layout-flow\">\n<div class=\"wp-block-image\"><figure class=\"aligncenter size-large\"><img loading=\"lazy\" decoding=\"async\" width=\"88\" height=\"61\" src=\"https:\/\/admin.mda.malopolska.pl\/wp-content\/uploads\/2021\/01\/Group-350.png\" alt=\"\" class=\"wp-image-165\"\/><\/figure><\/div>\n\n\n\n<p class=\"has-text-align-center\"><strong>Wys\u0142a\u0107 skany dokument\u00f3w<\/strong><br>drog\u0105 mailow\u0105 na adres:<br><a href=\"mailto:przewozy@mda.malopolska.pl\">przewozy@mda.malopolska.pl<\/a><\/p>\n<\/div>\n\n\n\n<div class=\"wp-block-column fade-columns mb__3 is-layout-flow wp-block-column-is-layout-flow\">\n<div class=\"wp-block-image\"><figure class=\"aligncenter size-large\"><img loading=\"lazy\" decoding=\"async\" width=\"73\" height=\"49\" src=\"https:\/\/admin.mda.malopolska.pl\/wp-content\/uploads\/2021\/01\/Path-469.png\" alt=\"\" class=\"wp-image-166\"\/><\/figure><\/div>\n\n\n\n<p class=\"has-text-align-center\"><strong>Przes\u0142a\u0107 drog\u0105 pocztow\u0105<\/strong><br>Ma\u0142opolskie Dworce Autobusowe S.A.<br>ul. Mosi\u0119\u017cnicza 3<br>31-547 Krak\u00f3w<\/p>\n<\/div>\n<\/div>\n\n\n\n<p class=\"has-text-align-center width-80 fade-up\">Informujemy, \u017ce przewo\u017anicy kt\u00f3rzy nie maj\u0105 podpisanej umowy z MDA S.A. na korzystanie z Dworca w Krakowie, a planuj\u0105 skorzysta\u0107 z infrastruktury dworcowej proszeni s\u0105 o przes\u0142anie zg\u0142oszenia na adres: <a href=\"mailto:przewozy@mda.malopolska.pl\">przewozy@mda.malopolska.pl<\/a> z podaniem dni wjazdu, ilo\u015bci kurs\u00f3w oraz planowanej godziny wjazdu w terminie na 4 dni przed dat\u0105 jego wykonania.<\/p>\n\n\n\n<p class=\"has-text-align-center width-80 fade-up\"><br>Niedokonanie takiego zg\u0142oszenia b\u0119dzie karane op\u0142atami za wjazd nieuprawniony, bez mo\u017cliwo\u015bci odprawy, w kwocie 1000 z\u0142 netto.<\/p>\n\n\n\n<div class=\"wp-block-group fade-up\"><div class=\"wp-block-group__inner-container is-layout-flow wp-block-group-is-layout-flow\">\n<h2 class=\"wp-block-heading\">Wnioski<\/h2>\n\n\n\n<p>W przypadku formularzy, przy kt\u00f3rych s\u0105 wymagane dodatkowe dokumenty, prosimy o dostarczenie ich kserokopii.<\/p>\n\n\n\n<div class=\"wp-block-file\"><a href=\"https:\/\/admin.mda.malopolska.pl\/wp-content\/uploads\/2021\/01\/DRUK-01-Wniosek-o-udzielenie-zgody-i-zawarcie-Umowy3.pdf\">Wniosek o udzielenie zgody i zawarcie umowy &#8211; Druk 01<\/a><a href=\"https:\/\/admin.mda.malopolska.pl\/wp-content\/uploads\/2021\/01\/DRUK-01-Wniosek-o-udzielenie-zgody-i-zawarcie-Umowy3.pdf\" class=\"wp-block-file__button\" download>Pobierz<\/a><\/div>\n\n\n\n<div class=\"wp-block-file\"><a href=\"https:\/\/admin.mda.malopolska.pl\/wp-content\/uploads\/2021\/01\/wykaz-pojazdo\u0301w.pdf\">Wykaz pojazd\u00f3w &#8211; Za\u0142\u0105cznik do wniosku 01<\/a><a href=\"https:\/\/admin.mda.malopolska.pl\/wp-content\/uploads\/2021\/01\/wykaz-pojazdo\u0301w.pdf\" class=\"wp-block-file__button\" download>Pobierz<\/a><\/div>\n\n\n\n<div class=\"wp-block-file\"><a href=\"https:\/\/admin.mda.malopolska.pl\/wp-content\/uploads\/2021\/01\/DRUK-02-Wniosek-o-udzielenie-zgody-i-zawarcie-Umowy-MNAR1.pdf\">Wniosek o udzielenie zgody i zawarcie umowy dla linii mi\u0119dzynarodowych\u00a0&#8211; Druk 02<\/a><a href=\"https:\/\/admin.mda.malopolska.pl\/wp-content\/uploads\/2021\/01\/DRUK-02-Wniosek-o-udzielenie-zgody-i-zawarcie-Umowy-MNAR1.pdf\" class=\"wp-block-file__button\" download>Pobierz<\/a><\/div>\n\n\n\n<div class=\"wp-block-file\"><a href=\"https:\/\/admin.mda.malopolska.pl\/wp-content\/uploads\/2021\/01\/wykaz-pojazdo\u0301w-1.pdf\">Wykaz pojazd\u00f3w &#8211; Za\u0142\u0105cznik do wniosku 02<\/a><a href=\"https:\/\/admin.mda.malopolska.pl\/wp-content\/uploads\/2021\/01\/wykaz-pojazdo\u0301w-1.pdf\" class=\"wp-block-file__button\" download>Pobierz<\/a><\/div>\n\n\n\n<div class=\"wp-block-file\"><a href=\"https:\/\/admin.mda.malopolska.pl\/wp-content\/uploads\/2021\/01\/Os\u0301wiadczenie-bilety-miesie\u0328czne-i-wieloprzejazdowe-w-NS-obowia\u0328zuje-od-1_01_2017.pdf\">O\u015bwiadczenie&nbsp;&#8211; Bilety miesi\u0119czne i wieloprzejazdowe w Nowym S\u0105czu<\/a><a href=\"https:\/\/admin.mda.malopolska.pl\/wp-content\/uploads\/2021\/01\/Os\u0301wiadczenie-bilety-miesie\u0328czne-i-wieloprzejazdowe-w-NS-obowia\u0328zuje-od-1_01_2017.pdf\" class=\"wp-block-file__button\" download>Pobierz<\/a><\/div>\n\n\n\n<div class=\"wp-block-file\"><a href=\"https:\/\/admin.mda.malopolska.pl\/wp-content\/uploads\/2021\/01\/oznaczenia.pdf\">Oznaczenia do rozk\u0142adu jazdy<\/a><a href=\"https:\/\/admin.mda.malopolska.pl\/wp-content\/uploads\/2021\/01\/oznaczenia.pdf\" class=\"wp-block-file__button\" download>Pobierz<\/a><\/div>\n<\/div><\/div>\n\n\n\n<div class=\"wp-block-group fade-up\"><div class=\"wp-block-group__inner-container is-layout-flow wp-block-group-is-layout-flow\">\n<h2 class=\"wp-block-heading\">Regulaminy<\/h2>\n\n\n\n<div class=\"wp-block-file\"><a href=\"https:\/\/admin.mda.malopolska.pl\/wp-content\/uploads\/2021\/01\/OWU.pdf\">Og\u00f3lne warunki umowy o \u015bwiadczenie us\u0142ug na dworcach, przez Ma\u0142opolskie Dworce Autobusowe S.A. z siedzib\u0105 w Krakowie<\/a><a href=\"https:\/\/admin.mda.malopolska.pl\/wp-content\/uploads\/2021\/01\/OWU.pdf\" class=\"wp-block-file__button\" download>Pobierz<\/a><\/div>\n\n\n\n<div class=\"wp-block-file\"><a href=\"https:\/\/admin.mda.malopolska.pl\/wp-content\/uploads\/2021\/01\/Taryfikator.pdf\">Taryfikator op\u0142at, prowizji i kar za korzystanie z dworc\u00f3w zarz\u0105dzanych przez Ma\u0142opolskie Dworce Autobusowe S.A.<\/a><a href=\"https:\/\/admin.mda.malopolska.pl\/wp-content\/uploads\/2021\/01\/Taryfikator.pdf\" class=\"wp-block-file__button\" download>Pobierz<\/a><\/div>\n\n\n\n<div class=\"wp-block-file\"><a href=\"https:\/\/admin.mda.malopolska.pl\/wp-content\/uploads\/2021\/01\/Regulamin_Dworcow_Autobusowych_MDA.pdf\">Regulamin Dworc\u00f3w Autobusowych MDA<\/a><a href=\"https:\/\/admin.mda.malopolska.pl\/wp-content\/uploads\/2021\/01\/Regulamin_Dworcow_Autobusowych_MDA.pdf\" class=\"wp-block-file__button\" download>Pobierz<\/a><\/div>\n\n\n\n<div class=\"wp-block-file\"><a href=\"https:\/\/admin.mda.malopolska.pl\/wp-content\/uploads\/2021\/01\/Zala\u0328cznik-nr-1-do-Regulaminu-Dworco\u0301w-Autobusowych-MDA_Wykaz-Dworco\u0301w-i-ich-dane-obslugowe.pdf\">Wykaz dworc\u00f3w i ich dane obs\u0142ugowe &#8211; Za\u0142\u0105cznik nr 1 do Regulaminu Dworc\u00f3w Autobusowych MDA<\/a><a href=\"https:\/\/admin.mda.malopolska.pl\/wp-content\/uploads\/2021\/01\/Zala\u0328cznik-nr-1-do-Regulaminu-Dworco\u0301w-Autobusowych-MDA_Wykaz-Dworco\u0301w-i-ich-dane-obslugowe.pdf\" class=\"wp-block-file__button\" download>Pobierz<\/a><\/div>\n\n\n\n<div class=\"wp-block-file\"><a href=\"https:\/\/admin.mda.malopolska.pl\/wp-content\/uploads\/2021\/01\/Zal_-2-do-regulaminu_Warunki-korzystania-z-Dworca2.pdf\">Warunki korzystania z dworca dla przewo\u017anik\u00f3w &#8211; Za\u0142\u0105cznik nr 2 do Regulaminu Dworc\u00f3w Autobusowych MDA<\/a><a href=\"https:\/\/admin.mda.malopolska.pl\/wp-content\/uploads\/2021\/01\/Zal_-2-do-regulaminu_Warunki-korzystania-z-Dworca2.pdf\" class=\"wp-block-file__button\" download>Pobierz<\/a><\/div>\n\n\n\n<div class=\"wp-block-file\"><a href=\"https:\/\/admin.mda.malopolska.pl\/wp-content\/uploads\/2021\/01\/Zal-do-uchwaly-nr-15-2019-Zala\u0328cznik-nr-3-do-Regulaminu-Dworco\u0301w-Autobusowych-MDA.pdf\">Zasady obs\u0142ugi pasa\u017cer\u00f3w na Dworcach Autobusowych MDA &#8211; Za\u0142\u0105cznik nr 3 do Regulaminu Dworc\u00f3w Autobusowych MDA<\/a><a href=\"https:\/\/admin.mda.malopolska.pl\/wp-content\/uploads\/2021\/01\/Zal-do-uchwaly-nr-15-2019-Zala\u0328cznik-nr-3-do-Regulaminu-Dworco\u0301w-Autobusowych-MDA.pdf\" class=\"wp-block-file__button\" download>Pobierz<\/a><\/div>\n<\/div><\/div>\n","protected":false},"excerpt":{"rendered":"<p>W celu usprawnienia procesu obs\u0142ugi, poni\u017cej zamieszczamy niezb\u0119dne formularze dla przewo\u017anik\u00f3w wsp\u00f3\u0142pracuj\u0105cych, b\u0105d\u017a planuj\u0105cych rozpocz\u0105\u0107 wsp\u00f3\u0142prac\u0119 ze Sp\u00f3\u0142k\u0105 MDA S.A. Wydrukowany, wype\u0142niony i podpisany odr\u0119cznie formularz prosimy przekaza\u0107 na jeden z poni\u017cszych sposob\u00f3w: Dostarczy\u0107 do biura Sp\u00f3\u0142kiMa\u0142opolskie Dworce Autobusowe S.A.ul. Bosacka 1831-505 Krak\u00f3w(czynne: pn.-pt. 6:00-14:00) Wys\u0142a\u0107 skany dokument\u00f3wdrog\u0105 mailow\u0105 na adres:przewozy@mda.malopolska.pl Przes\u0142a\u0107 drog\u0105 pocztow\u0105Ma\u0142opolskie Dworce [&hellip;]<\/p>\n","protected":false},"author":1,"featured_media":112,"parent":0,"menu_order":19,"comment_status":"closed","ping_status":"closed","template":"","meta":{"footnotes":""},"class_list":["post-150","page","type-page","status-publish","has-post-thumbnail","hentry"],"yoast_head":"<!-- This site is optimized with the Yoast SEO plugin v26.9 - https:\/\/yoast.com\/product\/yoast-seo-wordpress\/ -->\n<title>Dla przewo\u017anik\u00f3w - MDA<\/title>\n<meta name=\"robots\" content=\"noindex, follow, max-snippet:-1, max-image-preview:large, max-video-preview:-1\" \/>\n<meta property=\"og:locale\" content=\"pl_PL\" \/>\n<meta property=\"og:type\" content=\"article\" \/>\n<meta property=\"og:title\" content=\"Dla przewo\u017anik\u00f3w - MDA\" \/>\n<meta property=\"og:description\" content=\"W celu usprawnienia procesu obs\u0142ugi, poni\u017cej zamieszczamy niezb\u0119dne formularze dla przewo\u017anik\u00f3w wsp\u00f3\u0142pracuj\u0105cych, b\u0105d\u017a planuj\u0105cych rozpocz\u0105\u0107 wsp\u00f3\u0142prac\u0119 ze Sp\u00f3\u0142k\u0105 MDA S.A. Wydrukowany, wype\u0142niony i podpisany odr\u0119cznie formularz prosimy przekaza\u0107 na jeden z poni\u017cszych sposob\u00f3w: Dostarczy\u0107 do biura Sp\u00f3\u0142kiMa\u0142opolskie Dworce Autobusowe S.A.ul. Bosacka 1831-505 Krak\u00f3w(czynne: pn.-pt. 6:00-14:00) Wys\u0142a\u0107 skany dokument\u00f3wdrog\u0105 mailow\u0105 na adres:przewozy@mda.malopolska.pl Przes\u0142a\u0107 drog\u0105 pocztow\u0105Ma\u0142opolskie Dworce [&hellip;]\" \/>\n<meta property=\"og:url\" content=\"https:\/\/dev.papercut.pl\/mda\/dla-przewoznikow\/\" \/>\n<meta property=\"og:site_name\" content=\"MDA\" \/>\n<meta property=\"article:publisher\" content=\"https:\/\/www.facebook.com\/MalopolskieDworceAutobusowe\" \/>\n<meta property=\"article:modified_time\" content=\"2021-02-12T06:33:39+00:00\" \/>\n<meta property=\"og:image\" content=\"https:\/\/dev.papercut.pl\/mda\/wp-content\/uploads\/2021\/01\/dla-najemcow-head.png\" \/>\n\t<meta property=\"og:image:width\" content=\"1920\" \/>\n\t<meta property=\"og:image:height\" content=\"503\" \/>\n\t<meta property=\"og:image:type\" content=\"image\/png\" \/>\n<meta name=\"twitter:card\" content=\"summary_large_image\" \/>\n<meta name=\"twitter:label1\" content=\"Szacowany czas czytania\" \/>\n\t<meta name=\"twitter:data1\" content=\"2 minuty\" \/>\n<script type=\"application\/ld+json\" class=\"yoast-schema-graph\">{\"@context\":\"https:\/\/schema.org\",\"@graph\":[{\"@type\":\"WebPage\",\"@id\":\"https:\/\/dev.papercut.pl\/mda\/dla-przewoznikow\/\",\"url\":\"https:\/\/dev.papercut.pl\/mda\/dla-przewoznikow\/\",\"name\":\"Dla przewo\u017anik\u00f3w - MDA\",\"isPartOf\":{\"@id\":\"https:\/\/dev.papercut.pl\/mda\/#website\"},\"primaryImageOfPage\":{\"@id\":\"https:\/\/dev.papercut.pl\/mda\/dla-przewoznikow\/#primaryimage\"},\"image\":{\"@id\":\"https:\/\/dev.papercut.pl\/mda\/dla-przewoznikow\/#primaryimage\"},\"thumbnailUrl\":\"https:\/\/dev.papercut.pl\/mda\/wp-content\/uploads\/2021\/01\/dla-najemcow-head.png\",\"datePublished\":\"2021-01-08T10:07:22+00:00\",\"dateModified\":\"2021-02-12T06:33:39+00:00\",\"breadcrumb\":{\"@id\":\"https:\/\/dev.papercut.pl\/mda\/dla-przewoznikow\/#breadcrumb\"},\"inLanguage\":\"pl-PL\",\"potentialAction\":[{\"@type\":\"ReadAction\",\"target\":[\"https:\/\/dev.papercut.pl\/mda\/dla-przewoznikow\/\"]}]},{\"@type\":\"ImageObject\",\"inLanguage\":\"pl-PL\",\"@id\":\"https:\/\/dev.papercut.pl\/mda\/dla-przewoznikow\/#primaryimage\",\"url\":\"https:\/\/dev.papercut.pl\/mda\/wp-content\/uploads\/2021\/01\/dla-najemcow-head.png\",\"contentUrl\":\"https:\/\/dev.papercut.pl\/mda\/wp-content\/uploads\/2021\/01\/dla-najemcow-head.png\",\"width\":1920,\"height\":503},{\"@type\":\"BreadcrumbList\",\"@id\":\"https:\/\/dev.papercut.pl\/mda\/dla-przewoznikow\/#breadcrumb\",\"itemListElement\":[{\"@type\":\"ListItem\",\"position\":1,\"name\":\"Strona g\u0142\u00f3wna\",\"item\":\"https:\/\/dev.papercut.pl\/mda\/\"},{\"@type\":\"ListItem\",\"position\":2,\"name\":\"Dla przewo\u017anik\u00f3w\"}]},{\"@type\":\"WebSite\",\"@id\":\"https:\/\/dev.papercut.pl\/mda\/#website\",\"url\":\"https:\/\/dev.papercut.pl\/mda\/\",\"name\":\"MDA\",\"description\":\"\",\"publisher\":{\"@id\":\"https:\/\/dev.papercut.pl\/mda\/#organization\"},\"potentialAction\":[{\"@type\":\"SearchAction\",\"target\":{\"@type\":\"EntryPoint\",\"urlTemplate\":\"https:\/\/dev.papercut.pl\/mda\/?s={search_term_string}\"},\"query-input\":{\"@type\":\"PropertyValueSpecification\",\"valueRequired\":true,\"valueName\":\"search_term_string\"}}],\"inLanguage\":\"pl-PL\"},{\"@type\":\"Organization\",\"@id\":\"https:\/\/dev.papercut.pl\/mda\/#organization\",\"name\":\"MDA\",\"url\":\"https:\/\/dev.papercut.pl\/mda\/\",\"logo\":{\"@type\":\"ImageObject\",\"inLanguage\":\"pl-PL\",\"@id\":\"https:\/\/dev.papercut.pl\/mda\/#\/schema\/logo\/image\/\",\"url\":\"https:\/\/dev.papercut.pl\/mda\/wp-content\/uploads\/2021\/01\/MDA-logo.png\",\"contentUrl\":\"https:\/\/dev.papercut.pl\/mda\/wp-content\/uploads\/2021\/01\/MDA-logo.png\",\"width\":527,\"height\":160,\"caption\":\"MDA\"},\"image\":{\"@id\":\"https:\/\/dev.papercut.pl\/mda\/#\/schema\/logo\/image\/\"},\"sameAs\":[\"https:\/\/www.facebook.com\/MalopolskieDworceAutobusowe\",\"https:\/\/www.instagram.com\/mpk_krakow\/\"]}]}<\/script>\n<!-- \/ Yoast SEO plugin. -->","yoast_head_json":{"title":"Dla przewo\u017anik\u00f3w - MDA","robots":{"index":"noindex","follow":"follow","max-snippet":"max-snippet:-1","max-image-preview":"max-image-preview:large","max-video-preview":"max-video-preview:-1"},"og_locale":"pl_PL","og_type":"article","og_title":"Dla przewo\u017anik\u00f3w - MDA","og_description":"W celu usprawnienia procesu obs\u0142ugi, poni\u017cej zamieszczamy niezb\u0119dne formularze dla przewo\u017anik\u00f3w wsp\u00f3\u0142pracuj\u0105cych, b\u0105d\u017a planuj\u0105cych rozpocz\u0105\u0107 wsp\u00f3\u0142prac\u0119 ze Sp\u00f3\u0142k\u0105 MDA S.A. Wydrukowany, wype\u0142niony i podpisany odr\u0119cznie formularz prosimy przekaza\u0107 na jeden z poni\u017cszych sposob\u00f3w: Dostarczy\u0107 do biura Sp\u00f3\u0142kiMa\u0142opolskie Dworce Autobusowe S.A.ul. Bosacka 1831-505 Krak\u00f3w(czynne: pn.-pt. 6:00-14:00) Wys\u0142a\u0107 skany dokument\u00f3wdrog\u0105 mailow\u0105 na adres:przewozy@mda.malopolska.pl Przes\u0142a\u0107 drog\u0105 pocztow\u0105Ma\u0142opolskie Dworce [&hellip;]","og_url":"https:\/\/dev.papercut.pl\/mda\/dla-przewoznikow\/","og_site_name":"MDA","article_publisher":"https:\/\/www.facebook.com\/MalopolskieDworceAutobusowe","article_modified_time":"2021-02-12T06:33:39+00:00","og_image":[{"width":1920,"height":503,"url":"https:\/\/dev.papercut.pl\/mda\/wp-content\/uploads\/2021\/01\/dla-najemcow-head.png","type":"image\/png"}],"twitter_card":"summary_large_image","twitter_misc":{"Szacowany czas czytania":"2 minuty"},"schema":{"@context":"https:\/\/schema.org","@graph":[{"@type":"WebPage","@id":"https:\/\/dev.papercut.pl\/mda\/dla-przewoznikow\/","url":"https:\/\/dev.papercut.pl\/mda\/dla-przewoznikow\/","name":"Dla przewo\u017anik\u00f3w - MDA","isPartOf":{"@id":"https:\/\/dev.papercut.pl\/mda\/#website"},"primaryImageOfPage":{"@id":"https:\/\/dev.papercut.pl\/mda\/dla-przewoznikow\/#primaryimage"},"image":{"@id":"https:\/\/dev.papercut.pl\/mda\/dla-przewoznikow\/#primaryimage"},"thumbnailUrl":"https:\/\/dev.papercut.pl\/mda\/wp-content\/uploads\/2021\/01\/dla-najemcow-head.png","datePublished":"2021-01-08T10:07:22+00:00","dateModified":"2021-02-12T06:33:39+00:00","breadcrumb":{"@id":"https:\/\/dev.papercut.pl\/mda\/dla-przewoznikow\/#breadcrumb"},"inLanguage":"pl-PL","potentialAction":[{"@type":"ReadAction","target":["https:\/\/dev.papercut.pl\/mda\/dla-przewoznikow\/"]}]},{"@type":"ImageObject","inLanguage":"pl-PL","@id":"https:\/\/dev.papercut.pl\/mda\/dla-przewoznikow\/#primaryimage","url":"https:\/\/dev.papercut.pl\/mda\/wp-content\/uploads\/2021\/01\/dla-najemcow-head.png","contentUrl":"https:\/\/dev.papercut.pl\/mda\/wp-content\/uploads\/2021\/01\/dla-najemcow-head.png","width":1920,"height":503},{"@type":"BreadcrumbList","@id":"https:\/\/dev.papercut.pl\/mda\/dla-przewoznikow\/#breadcrumb","itemListElement":[{"@type":"ListItem","position":1,"name":"Strona g\u0142\u00f3wna","item":"https:\/\/dev.papercut.pl\/mda\/"},{"@type":"ListItem","position":2,"name":"Dla przewo\u017anik\u00f3w"}]},{"@type":"WebSite","@id":"https:\/\/dev.papercut.pl\/mda\/#website","url":"https:\/\/dev.papercut.pl\/mda\/","name":"MDA","description":"","publisher":{"@id":"https:\/\/dev.papercut.pl\/mda\/#organization"},"potentialAction":[{"@type":"SearchAction","target":{"@type":"EntryPoint","urlTemplate":"https:\/\/dev.papercut.pl\/mda\/?s={search_term_string}"},"query-input":{"@type":"PropertyValueSpecification","valueRequired":true,"valueName":"search_term_string"}}],"inLanguage":"pl-PL"},{"@type":"Organization","@id":"https:\/\/dev.papercut.pl\/mda\/#organization","name":"MDA","url":"https:\/\/dev.papercut.pl\/mda\/","logo":{"@type":"ImageObject","inLanguage":"pl-PL","@id":"https:\/\/dev.papercut.pl\/mda\/#\/schema\/logo\/image\/","url":"https:\/\/dev.papercut.pl\/mda\/wp-content\/uploads\/2021\/01\/MDA-logo.png","contentUrl":"https:\/\/dev.papercut.pl\/mda\/wp-content\/uploads\/2021\/01\/MDA-logo.png","width":527,"height":160,"caption":"MDA"},"image":{"@id":"https:\/\/dev.papercut.pl\/mda\/#\/schema\/logo\/image\/"},"sameAs":["https:\/\/www.facebook.com\/MalopolskieDworceAutobusowe","https:\/\/www.instagram.com\/mpk_krakow\/"]}]}},"_links":{"self":[{"href":"https:\/\/dev.papercut.pl\/mda\/wp-json\/wp\/v2\/pages\/150","targetHints":{"allow":["GET"]}}],"collection":[{"href":"https:\/\/dev.papercut.pl\/mda\/wp-json\/wp\/v2\/pages"}],"about":[{"href":"https:\/\/dev.papercut.pl\/mda\/wp-json\/wp\/v2\/types\/page"}],"author":[{"embeddable":true,"href":"https:\/\/dev.papercut.pl\/mda\/wp-json\/wp\/v2\/users\/1"}],"replies":[{"embeddable":true,"href":"https:\/\/dev.papercut.pl\/mda\/wp-json\/wp\/v2\/comments?post=150"}],"version-history":[{"count":38,"href":"https:\/\/dev.papercut.pl\/mda\/wp-json\/wp\/v2\/pages\/150\/revisions"}],"predecessor-version":[{"id":1021,"href":"https:\/\/dev.papercut.pl\/mda\/wp-json\/wp\/v2\/pages\/150\/revisions\/1021"}],"wp:featuredmedia":[{"embeddable":true,"href":"https:\/\/dev.papercut.pl\/mda\/wp-json\/wp\/v2\/media\/112"}],"wp:attachment":[{"href":"https:\/\/dev.papercut.pl\/mda\/wp-json\/wp\/v2\/media?parent=150"}],"curies":[{"name":"wp","href":"https:\/\/api.w.org\/{rel}","templated":true}]}}