{"id":902,"date":"2026-02-23T10:15:34","date_gmt":"2026-02-23T09:15:34","guid":{"rendered":"https:\/\/dev.papercut.pl\/logozaurus\/?page_id=902"},"modified":"2026-03-04T21:04:01","modified_gmt":"2026-03-04T20:04:01","slug":"szkolenia-warsztaty","status":"publish","type":"page","link":"https:\/\/dev.papercut.pl\/logozaurus\/oferta\/szkolenia-warsztaty\/","title":{"rendered":"Szkolenia\/warsztaty"},"content":{"rendered":"\n<div class=\"wp-block-group is-layout-constrained wp-block-group-is-layout-constrained\">\n<div class=\"wp-block-columns is-style-post-title-proportions is-layout-flex wp-container-core-columns-is-layout-9d6595d7 wp-block-columns-is-layout-flex\">\n<div class=\"wp-block-column is-layout-flow wp-block-column-is-layout-flow\"><figure class=\"is-style-circle-image wp-block-post-featured-image\"><img loading=\"lazy\" decoding=\"async\" width=\"1024\" height=\"652\" src=\"https:\/\/dev.papercut.pl\/logozaurus\/wp-content\/uploads\/2026\/02\/szkolenia-ikonka.png\" class=\"attachment-post-thumbnail size-post-thumbnail wp-post-image\" alt=\"\" style=\"object-fit:cover;\" srcset=\"https:\/\/dev.papercut.pl\/logozaurus\/wp-content\/uploads\/2026\/02\/szkolenia-ikonka.png 1024w, https:\/\/dev.papercut.pl\/logozaurus\/wp-content\/uploads\/2026\/02\/szkolenia-ikonka-800x509.png 800w, https:\/\/dev.papercut.pl\/logozaurus\/wp-content\/uploads\/2026\/02\/szkolenia-ikonka-768x489.png 768w\" sizes=\"auto, (max-width: 1024px) 100vw, 1024px\" \/><\/figure><\/div>\n\n\n\n<div class=\"wp-block-column is-layout-flow wp-block-column-is-layout-flow\"><h1 style=\"margin-top:0;\" class=\"is-style-violet-border wp-block-post-title\">Szkolenia\/warsztaty<\/h1>\n\n\n<p>Oferujemy profesjonalne szkolenia i warsztaty dostosowane do potrzeb Twojej firmy lub kadry. Nasze programy s\u0105 projektowane tak, aby rozwija\u0107 umiej\u0119tno\u015bci praktyczne i teoretyczne uczestnik\u00f3w, w oparciu o sprawdzone metody dydaktyczne.<\/p>\n\n\n\n<p>Zapraszamy do kontaktu mailowego na adres:\u00a0<\/p>\n\n\n\n<a href=\"mailto:aleksandra.adamik@logozaurus.pl\" target=\"_blank\" class=\"button button--violet \">aleksandra.adamik@logozaurus.pl<\/a>\n\n\n<p>wsp\u00f3lnie dopasujemy ofert\u0119 do Twoich potrzeb \u00a0<\/p>\n\n\n\n<p>W wiadomo\u015bci warto uwzgl\u0119dni\u0107 informacje odno\u015bnie:<\/p>\n\n\n\n<ul class=\"wp-block-list\">\n<li>Informacj\u0119 organizacyjne (szkolenie stacjonarnie, online)<\/li>\n\n\n\n<li>Docelow\u0105 grup\u0119 uczestnik\u00f3w (np. mened\u017cerowie, studenci, kadra pedagogiczna)<\/li>\n\n\n\n<li>Przewidywan\u0105 ilo\u015b\u0107 uczestnik\u00f3w<\/li>\n\n\n\n<li>Zakres tematyczny szkolenia\/warsztatu<\/li>\n<\/ul>\n<\/div>\n<\/div>\n<\/div>\n\n\n\n<div class=\"wp-block-group is-layout-constrained wp-block-group-is-layout-constrained\">\n<p><\/p>\n<\/div>\n","protected":false},"excerpt":{"rendered":"<p>Oferujemy profesjonalne szkolenia i warsztaty dostosowane do potrzeb Twojej firmy lub kadry. Nasze programy s\u0105 projektowane tak, aby rozwija\u0107 umiej\u0119tno\u015bci praktyczne i teoretyczne uczestnik\u00f3w, w oparciu o sprawdzone metody dydaktyczne. Zapraszamy do kontaktu mailowego na adres:\u00a0 wsp\u00f3lnie dopasujemy ofert\u0119 do Twoich potrzeb \u00a0 W wiadomo\u015bci warto uwzgl\u0119dni\u0107 informacje odno\u015bnie:<\/p>\n","protected":false},"author":1,"featured_media":906,"parent":239,"menu_order":26,"comment_status":"closed","ping_status":"closed","template":"","meta":{"_acf_changed":false,"inline_featured_image":false,"footnotes":""},"class_list":["post-902","page","type-page","status-publish","has-post-thumbnail","hentry"],"acf":[],"_links":{"self":[{"href":"https:\/\/dev.papercut.pl\/logozaurus\/wp-json\/wp\/v2\/pages\/902","targetHints":{"allow":["GET"]}}],"collection":[{"href":"https:\/\/dev.papercut.pl\/logozaurus\/wp-json\/wp\/v2\/pages"}],"about":[{"href":"https:\/\/dev.papercut.pl\/logozaurus\/wp-json\/wp\/v2\/types\/page"}],"author":[{"embeddable":true,"href":"https:\/\/dev.papercut.pl\/logozaurus\/wp-json\/wp\/v2\/users\/1"}],"replies":[{"embeddable":true,"href":"https:\/\/dev.papercut.pl\/logozaurus\/wp-json\/wp\/v2\/comments?post=902"}],"version-history":[{"count":4,"href":"https:\/\/dev.papercut.pl\/logozaurus\/wp-json\/wp\/v2\/pages\/902\/revisions"}],"predecessor-version":[{"id":965,"href":"https:\/\/dev.papercut.pl\/logozaurus\/wp-json\/wp\/v2\/pages\/902\/revisions\/965"}],"up":[{"embeddable":true,"href":"https:\/\/dev.papercut.pl\/logozaurus\/wp-json\/wp\/v2\/pages\/239"}],"wp:featuredmedia":[{"embeddable":true,"href":"https:\/\/dev.papercut.pl\/logozaurus\/wp-json\/wp\/v2\/media\/906"}],"wp:attachment":[{"href":"https:\/\/dev.papercut.pl\/logozaurus\/wp-json\/wp\/v2\/media?parent=902"}],"curies":[{"name":"wp","href":"https:\/\/api.w.org\/{rel}","templated":true}]}}