{"id":803,"date":"2026-02-05T16:49:18","date_gmt":"2026-02-05T15:49:18","guid":{"rendered":"https:\/\/dev.papercut.pl\/logozaurus\/?page_id=803"},"modified":"2026-03-11T13:54:23","modified_gmt":"2026-03-11T12:54:23","slug":"terapia-reki","status":"publish","type":"page","link":"https:\/\/dev.papercut.pl\/logozaurus\/oferta\/terapia-reki\/","title":{"rendered":"Terapia r\u0119ki"},"content":{"rendered":"\n<div class=\"wp-block-group is-layout-constrained wp-block-group-is-layout-constrained\">\n<div class=\"wp-block-columns is-style-post-title-proportions is-layout-flex wp-container-core-columns-is-layout-9d6595d7 wp-block-columns-is-layout-flex\">\n<div class=\"wp-block-column is-layout-flow wp-block-column-is-layout-flow\"><figure class=\"is-style-circle-image wp-block-post-featured-image\"><img loading=\"lazy\" decoding=\"async\" width=\"600\" height=\"400\" src=\"https:\/\/dev.papercut.pl\/logozaurus\/wp-content\/uploads\/2026\/02\/terapia-reki-.png\" class=\"attachment-post-thumbnail size-post-thumbnail wp-post-image\" alt=\"\" style=\"object-fit:cover;\" \/><\/figure><\/div>\n\n\n\n<div class=\"wp-block-column is-layout-flow wp-block-column-is-layout-flow\"><h1 style=\"margin-top:0;\" class=\"is-style-violet-border wp-block-post-title\">Terapia r\u0119ki<\/h1>\n\n\n<p>Terapia kognitywna to\u00a0<strong>kompleksowe, praktyczne podej\u015bcie terapeutyczne<\/strong>, kt\u00f3rego celem jest uspTerapia r\u0119ki to specjalistyczne zaj\u0119cia wspieraj\u0105ce rozw\u00f3j sprawno\u015bci manualnej, koordynacji oraz precyzyjnych ruch\u00f3w d\u0142oni i palc\u00f3w. W Centrum Terapii&nbsp;<strong>LOGOZAURUS<\/strong>&nbsp;pomagamy dzieciom wzmocni\u0107 umiej\u0119tno\u015bci niezb\u0119dne do codziennego funkcjonowania oraz nauki takich jak: rysowanie, pisanie, zapinanie guzik\u00f3w czy pos\u0142ugiwanie si\u0119 sztu\u0107cami.<\/p>\n\n\n\n<p>Zaj\u0119cia prowadzone s\u0105 w formie atrakcyjnej dla dziecka zabawy, z wykorzystaniem \u0107wicze\u0144 ruchowych, sensorycznych oraz element\u00f3w integracji wzrokowo-ruchowej. Program terapii jest zawsze dopasowany indywidualnie do potrzeb i mo\u017cliwo\u015bci dziecka po wcze\u015bniejszej konsultacji.<\/p>\n\n\n\n<p><strong>Terapia r\u0119ki jest szczeg\u00f3lnie polecana dla dzieci:<\/strong><\/p>\n\n\n\n<ul class=\"wp-block-list\">\n<li>z obni\u017conym napi\u0119ciem mi\u0119\u015bniowym w obr\u0119bie d\u0142oni i palc\u00f3w,<\/li>\n\n\n\n<li>z trudno\u015bciami w rysowaniu i pisaniu (nieprawid\u0142owy chwyt, szybkie m\u0119czenie si\u0119 r\u0119ki),<\/li>\n\n\n\n<li>z op\u00f3\u017anionym rozwojem motoryki ma\u0142ej,<\/li>\n\n\n\n<li>z zaburzeniami koordynacji wzrokowo-ruchowej,<\/li>\n\n\n\n<li>z trudno\u015bciami w samoobs\u0142udze (ubieranie si\u0119, jedzenie, manipulowanie drobnymi przedmiotami).<\/li>\n<\/ul>\n\n\n\n<p><strong>Efekty terapii r\u0119ki:<\/strong><\/p>\n\n\n\n<ul class=\"wp-block-list\">\n<li>poprawa si\u0142y i precyzji ruch\u00f3w d\u0142oni,<\/li>\n\n\n\n<li>lepsza koordynacja oko\u2013r\u0119ka,<\/li>\n\n\n\n<li>wi\u0119ksza samodzielno\u015b\u0107 dziecka,<\/li>\n\n\n\n<li>przygotowanie do nauki pisania i rysowania,<\/li>\n\n\n\n<li>wzrost pewno\u015bci siebie w codziennych czynno\u015bciach.<\/li>\n<\/ul>\n\n\n\n<p>W&nbsp;<strong>LOGOZAURUSIE<\/strong>&nbsp;stawiamy na ciep\u0142\u0105 atmosfer\u0119, relacj\u0119 z dzieckiem i nauk\u0119 przez zabaw\u0119. Naszym celem jest nie tylko rozw\u00f3j sprawno\u015bci r\u0119ki, ale te\u017c rado\u015b\u0107 dziecka z odkrywania w\u0142asnych mo\u017cliwo\u015bci.<\/p>\n<\/div>\n<\/div>\n<\/div>\n\n\n\n<div class=\"wp-block-group is-layout-constrained wp-block-group-is-layout-constrained\">\n<p><\/p>\n<\/div>\n","protected":false},"excerpt":{"rendered":"<p>Terapia kognitywna to\u00a0kompleksowe, praktyczne podej\u015bcie terapeutyczne, kt\u00f3rego celem jest uspTerapia r\u0119ki to specjalistyczne zaj\u0119cia wspieraj\u0105ce rozw\u00f3j sprawno\u015bci manualnej, koordynacji oraz precyzyjnych ruch\u00f3w d\u0142oni i palc\u00f3w. W Centrum Terapii&nbsp;LOGOZAURUS&nbsp;pomagamy dzieciom wzmocni\u0107 umiej\u0119tno\u015bci niezb\u0119dne do codziennego funkcjonowania oraz nauki takich jak: rysowanie, pisanie, zapinanie guzik\u00f3w czy pos\u0142ugiwanie si\u0119 sztu\u0107cami. Zaj\u0119cia prowadzone s\u0105 w formie atrakcyjnej dla dziecka [&hellip;]<\/p>\n","protected":false},"author":1,"featured_media":812,"parent":239,"menu_order":19,"comment_status":"closed","ping_status":"closed","template":"","meta":{"_acf_changed":false,"inline_featured_image":false,"footnotes":""},"class_list":["post-803","page","type-page","status-publish","has-post-thumbnail","hentry"],"acf":[],"_links":{"self":[{"href":"https:\/\/dev.papercut.pl\/logozaurus\/wp-json\/wp\/v2\/pages\/803","targetHints":{"allow":["GET"]}}],"collection":[{"href":"https:\/\/dev.papercut.pl\/logozaurus\/wp-json\/wp\/v2\/pages"}],"about":[{"href":"https:\/\/dev.papercut.pl\/logozaurus\/wp-json\/wp\/v2\/types\/page"}],"author":[{"embeddable":true,"href":"https:\/\/dev.papercut.pl\/logozaurus\/wp-json\/wp\/v2\/users\/1"}],"replies":[{"embeddable":true,"href":"https:\/\/dev.papercut.pl\/logozaurus\/wp-json\/wp\/v2\/comments?post=803"}],"version-history":[{"count":3,"href":"https:\/\/dev.papercut.pl\/logozaurus\/wp-json\/wp\/v2\/pages\/803\/revisions"}],"predecessor-version":[{"id":904,"href":"https:\/\/dev.papercut.pl\/logozaurus\/wp-json\/wp\/v2\/pages\/803\/revisions\/904"}],"up":[{"embeddable":true,"href":"https:\/\/dev.papercut.pl\/logozaurus\/wp-json\/wp\/v2\/pages\/239"}],"wp:featuredmedia":[{"embeddable":true,"href":"https:\/\/dev.papercut.pl\/logozaurus\/wp-json\/wp\/v2\/media\/812"}],"wp:attachment":[{"href":"https:\/\/dev.papercut.pl\/logozaurus\/wp-json\/wp\/v2\/media?parent=803"}],"curies":[{"name":"wp","href":"https:\/\/api.w.org\/{rel}","templated":true}]}}