{"id":707,"date":"2026-01-26T11:10:56","date_gmt":"2026-01-26T10:10:56","guid":{"rendered":"https:\/\/dev.papercut.pl\/logozaurus\/?page_id=707"},"modified":"2026-02-20T10:15:17","modified_gmt":"2026-02-20T09:15:17","slug":"ortodoncja-fukcjonalna-mfs","status":"publish","type":"page","link":"https:\/\/dev.papercut.pl\/logozaurus\/oferta\/ortodoncja-fukcjonalna-mfs\/","title":{"rendered":"Ortodoncja Funkcjonalna MFS"},"content":{"rendered":"\n<div class=\"wp-block-group is-layout-constrained wp-block-group-is-layout-constrained\">\n<div class=\"wp-block-columns is-style-post-title-proportions is-layout-flex wp-container-core-columns-is-layout-9d6595d7 wp-block-columns-is-layout-flex\">\n<div class=\"wp-block-column is-layout-flow wp-block-column-is-layout-flow\"><figure class=\"is-style-circle-image wp-block-post-featured-image\"><img loading=\"lazy\" decoding=\"async\" width=\"500\" height=\"500\" src=\"https:\/\/dev.papercut.pl\/logozaurus\/wp-content\/uploads\/2026\/01\/ortodoncja.png\" class=\"attachment-post-thumbnail size-post-thumbnail wp-post-image\" alt=\"\" style=\"object-fit:cover;\" \/><\/figure><\/div>\n\n\n\n<div class=\"wp-block-column is-layout-flow wp-block-column-is-layout-flow\"><h1 style=\"margin-top:0;\" class=\"is-style-violet-border wp-block-post-title\">Ortodoncja Funkcjonalna MFS<\/h1>\n\n\n<p><strong>Nowoczesna metoda leczenia wad zgryzu oraz wynikaj\u0105cych z nich zaburze\u0144 funkcji jamyustnej. Mo\u017ce by\u0107 uzupe\u0142nieniem leczenia ortodontycznego w czasie noszenia aparat\u00f3wruchomych i sta\u0142ych, a tak\u017ce u os\u00f3b nielecz\u0105cych si\u0119 ortodontycznie.<\/strong><\/p>\n\n\n\n<p>Stymulatory MFS pomocne b\u0119d\u0105 u dzieci oraz doros\u0142ych ze zgryzem g\u0142\u0119bokim oraz otwartym, nieprawid\u0142owym torem oddychania, a tak\u017ce zmagaj\u0105cych si\u0119 z bruksizmem, chrapaniem i bezdechami sennymi (jako uzupe\u0142nienie leczenia).<\/p>\n<\/div>\n<\/div>\n<\/div>\n\n\n\n<div class=\"wp-block-group is-layout-constrained wp-block-group-is-layout-constrained\">\n<p><\/p>\n<\/div>\n","protected":false},"excerpt":{"rendered":"<p>Nowoczesna metoda leczenia wad zgryzu oraz wynikaj\u0105cych z nich zaburze\u0144 funkcji jamyustnej. Mo\u017ce by\u0107 uzupe\u0142nieniem leczenia ortodontycznego w czasie noszenia aparat\u00f3wruchomych i sta\u0142ych, a tak\u017ce u os\u00f3b nielecz\u0105cych si\u0119 ortodontycznie. Stymulatory MFS pomocne b\u0119d\u0105 u dzieci oraz doros\u0142ych ze zgryzem g\u0142\u0119bokim oraz otwartym, nieprawid\u0142owym torem oddychania, a tak\u017ce zmagaj\u0105cych si\u0119 z bruksizmem, chrapaniem i bezdechami [&hellip;]<\/p>\n","protected":false},"author":1,"featured_media":708,"parent":239,"menu_order":10,"comment_status":"closed","ping_status":"closed","template":"","meta":{"_acf_changed":false,"inline_featured_image":false,"footnotes":""},"class_list":["post-707","page","type-page","status-publish","has-post-thumbnail","hentry"],"acf":[],"_links":{"self":[{"href":"https:\/\/dev.papercut.pl\/logozaurus\/wp-json\/wp\/v2\/pages\/707","targetHints":{"allow":["GET"]}}],"collection":[{"href":"https:\/\/dev.papercut.pl\/logozaurus\/wp-json\/wp\/v2\/pages"}],"about":[{"href":"https:\/\/dev.papercut.pl\/logozaurus\/wp-json\/wp\/v2\/types\/page"}],"author":[{"embeddable":true,"href":"https:\/\/dev.papercut.pl\/logozaurus\/wp-json\/wp\/v2\/users\/1"}],"replies":[{"embeddable":true,"href":"https:\/\/dev.papercut.pl\/logozaurus\/wp-json\/wp\/v2\/comments?post=707"}],"version-history":[{"count":3,"href":"https:\/\/dev.papercut.pl\/logozaurus\/wp-json\/wp\/v2\/pages\/707\/revisions"}],"predecessor-version":[{"id":874,"href":"https:\/\/dev.papercut.pl\/logozaurus\/wp-json\/wp\/v2\/pages\/707\/revisions\/874"}],"up":[{"embeddable":true,"href":"https:\/\/dev.papercut.pl\/logozaurus\/wp-json\/wp\/v2\/pages\/239"}],"wp:featuredmedia":[{"embeddable":true,"href":"https:\/\/dev.papercut.pl\/logozaurus\/wp-json\/wp\/v2\/media\/708"}],"wp:attachment":[{"href":"https:\/\/dev.papercut.pl\/logozaurus\/wp-json\/wp\/v2\/media?parent=707"}],"curies":[{"name":"wp","href":"https:\/\/api.w.org\/{rel}","templated":true}]}}