{"id":704,"date":"2026-01-26T11:05:53","date_gmt":"2026-01-26T10:05:53","guid":{"rendered":"https:\/\/dev.papercut.pl\/logozaurus\/?page_id=704"},"modified":"2026-03-04T21:09:25","modified_gmt":"2026-03-04T20:09:25","slug":"trening-umiejetnosci-spolecznych","status":"publish","type":"page","link":"https:\/\/dev.papercut.pl\/logozaurus\/oferta\/trening-umiejetnosci-spolecznych\/","title":{"rendered":"Trening Umiej\u0119tno\u015bci Spo\u0142ecznych (TUS)"},"content":{"rendered":"\n<div class=\"wp-block-group is-layout-constrained wp-block-group-is-layout-constrained\">\n<div class=\"wp-block-columns is-style-post-title-proportions is-layout-flex wp-container-core-columns-is-layout-9d6595d7 wp-block-columns-is-layout-flex\">\n<div class=\"wp-block-column is-layout-flow wp-block-column-is-layout-flow\"><figure class=\"is-style-circle-image wp-block-post-featured-image\"><img loading=\"lazy\" decoding=\"async\" width=\"500\" height=\"500\" src=\"https:\/\/dev.papercut.pl\/logozaurus\/wp-content\/uploads\/2026\/01\/tusy.png\" class=\"attachment-post-thumbnail size-post-thumbnail wp-post-image\" alt=\"\" style=\"object-fit:cover;\" \/><\/figure><\/div>\n\n\n\n<div class=\"wp-block-column is-layout-flow wp-block-column-is-layout-flow\"><h1 style=\"margin-top:0;\" class=\"is-style-violet-border wp-block-post-title\">Trening Umiej\u0119tno\u015bci Spo\u0142ecznych (TUS)<\/h1>\n\n\n<p><strong>Na zaj\u0119cia TUS zapraszamy dzieci, kt\u00f3re:<\/strong><\/p>\n\n\n\n<ul class=\"wp-block-list\">\n<li>maj\u0105 trudno\u015bci z regulacj\u0105 emocji, przestrzeganiem norm spo\u0142ecznych<\/li>\n\n\n\n<li>nie radz\u0105 sobie ze z\u0142o\u015bci\u0105<\/li>\n\n\n\n<li>s\u0105 nadmiernie pobudzone<\/li>\n<\/ul>\n\n\n\n<p><strong>jak i dzieci, kt\u00f3re:<\/strong><\/p>\n\n\n\n<ul class=\"wp-block-list\">\n<li>s\u0105 wysoko wra\u017cliwe<\/li>\n\n\n\n<li>mierz\u0105 si\u0119 z problemem nie\u015bmia\u0142o\u015bci&nbsp;<\/li>\n\n\n\n<li>s\u0105 wycofane w kontaktach z r\u00f3wie\u015bnikami<\/li>\n\n\n\n<li>maj\u0105 wysoki poziom l\u0119ku<\/li>\n<\/ul>\n\n\n\n<p><strong>Jak wygl\u0105da przygoda z TUSem w Logozaurusie:<\/strong><\/p>\n\n\n\n<ul class=\"wp-block-list\">\n<li>Wype\u0142nienie wst\u0119pnego kwestionariusza<\/li>\n\n\n\n<li>Konsultacja kwalifikacyjna (w celu poznania dziecka, jego zasob\u00f3w i obszar\u00f3w do rozwoju) \n<ul class=\"wp-block-list\">\n<li>spotkanie z rodzicami, <\/li>\n\n\n\n<li>spotkanie z dzieckiem<\/li>\n<\/ul>\n<\/li>\n\n\n\n<li>Dob\u00f3r dziecka do odpowiedniej grupy (pod wzgl\u0119dem wieku i do\u015bwiadczanych trudno\u015bci)<\/li>\n\n\n\n<li>Trening Umiej\u0119tno\u015bci Spo\u0142ecznych (11-13 spotka\u0144 po 50 min.) w grupie 4-5 dzieci,&nbsp;<\/li>\n\n\n\n<li>Konsultacja podsumowuj\u0105ca (z rodzicami)&nbsp;<\/li>\n<\/ul>\n\n\n\n<p><strong>Korzy\u015bci z uczestnictwa w grupie TUS:<\/strong><\/p>\n\n\n\n<ul class=\"wp-block-list\">\n<li>W grupie TUS dzieci rozwijaj\u0105 umiej\u0119tno\u015bci spo\u0142eczne. \u0106wicz\u0105 asertywno\u015b\u0107, dbaj\u0105c o swoje potrzeby i granice, a tak\u017ce szanuj\u0105c potrzeby innych. Rozwijaj\u0105 empati\u0119, ucz\u0105c si\u0119 przyjmowa\u0107 perspektyw\u0119 drugiej osoby. Lepiej radz\u0105&nbsp;sobie z emocjami. Zwi\u0119kszaj\u0105 w sobie zdolno\u015b\u0107 do tworzenia pozytywnych relacji.<\/li>\n\n\n\n<li>Wzmacniaj\u0105 odwag\u0119, pewno\u015b\u0107 siebie, poczucie w\u0142asnej warto\u015bci i lepiej radz\u0105 sobie w trudnych sytuacjach.&nbsp;<\/li>\n<\/ul>\n<\/div>\n<\/div>\n<\/div>\n\n\n\n<div class=\"wp-block-group is-layout-constrained wp-block-group-is-layout-constrained\">\n<p><\/p>\n<\/div>\n","protected":false},"excerpt":{"rendered":"<p>Na zaj\u0119cia TUS zapraszamy dzieci, kt\u00f3re: jak i dzieci, kt\u00f3re: Jak wygl\u0105da przygoda z TUSem w Logozaurusie: Korzy\u015bci z uczestnictwa w grupie TUS:<\/p>\n","protected":false},"author":1,"featured_media":705,"parent":239,"menu_order":22,"comment_status":"closed","ping_status":"closed","template":"","meta":{"_acf_changed":false,"inline_featured_image":false,"footnotes":""},"class_list":["post-704","page","type-page","status-publish","has-post-thumbnail","hentry"],"acf":[],"_links":{"self":[{"href":"https:\/\/dev.papercut.pl\/logozaurus\/wp-json\/wp\/v2\/pages\/704","targetHints":{"allow":["GET"]}}],"collection":[{"href":"https:\/\/dev.papercut.pl\/logozaurus\/wp-json\/wp\/v2\/pages"}],"about":[{"href":"https:\/\/dev.papercut.pl\/logozaurus\/wp-json\/wp\/v2\/types\/page"}],"author":[{"embeddable":true,"href":"https:\/\/dev.papercut.pl\/logozaurus\/wp-json\/wp\/v2\/users\/1"}],"replies":[{"embeddable":true,"href":"https:\/\/dev.papercut.pl\/logozaurus\/wp-json\/wp\/v2\/comments?post=704"}],"version-history":[{"count":4,"href":"https:\/\/dev.papercut.pl\/logozaurus\/wp-json\/wp\/v2\/pages\/704\/revisions"}],"predecessor-version":[{"id":970,"href":"https:\/\/dev.papercut.pl\/logozaurus\/wp-json\/wp\/v2\/pages\/704\/revisions\/970"}],"up":[{"embeddable":true,"href":"https:\/\/dev.papercut.pl\/logozaurus\/wp-json\/wp\/v2\/pages\/239"}],"wp:featuredmedia":[{"embeddable":true,"href":"https:\/\/dev.papercut.pl\/logozaurus\/wp-json\/wp\/v2\/media\/705"}],"wp:attachment":[{"href":"https:\/\/dev.papercut.pl\/logozaurus\/wp-json\/wp\/v2\/media?parent=704"}],"curies":[{"name":"wp","href":"https:\/\/api.w.org\/{rel}","templated":true}]}}