{"id":239,"date":"2025-12-09T11:17:00","date_gmt":"2025-12-09T10:17:00","guid":{"rendered":"https:\/\/dev.papercut.pl\/logozaurus\/?page_id=239"},"modified":"2026-02-20T10:06:16","modified_gmt":"2026-02-20T09:06:16","slug":"oferta","status":"publish","type":"page","link":"https:\/\/dev.papercut.pl\/logozaurus\/oferta\/","title":{"rendered":"Oferta"},"content":{"rendered":"\n<div class=\"wp-block-group is-layout-constrained wp-block-group-is-layout-constrained\">\n<div class=\"wp-block-columns is-layout-flex wp-container-core-columns-is-layout-9d6595d7 wp-block-columns-is-layout-flex\">\n<div class=\"wp-block-column is-layout-flow wp-block-column-is-layout-flow\" style=\"flex-basis:70%\">\n<h1 class=\"wp-block-heading is-style-violet-border\" style=\"margin-top:0\">Oferta<\/h1>\n\n\n\n<p>Zapraszamy do zapoznania si\u0119 <br>z nasz\u0105 ofert\u0105.<\/p>\n<\/div>\n\n\n\n<div class=\"wp-block-column is-layout-flow wp-block-column-is-layout-flow\" style=\"flex-basis:30%\">\n<figure class=\"wp-block-image size-large\"><img loading=\"lazy\" decoding=\"async\" width=\"1300\" height=\"867\" src=\"https:\/\/dev.papercut.pl\/logozaurus\/wp-content\/uploads\/2025\/12\/oferta-1300x867.png\" alt=\"\" class=\"wp-image-485\" srcset=\"https:\/\/dev.papercut.pl\/logozaurus\/wp-content\/uploads\/2025\/12\/oferta-1300x867.png 1300w, https:\/\/dev.papercut.pl\/logozaurus\/wp-content\/uploads\/2025\/12\/oferta-800x533.png 800w, https:\/\/dev.papercut.pl\/logozaurus\/wp-content\/uploads\/2025\/12\/oferta-768x512.png 768w, https:\/\/dev.papercut.pl\/logozaurus\/wp-content\/uploads\/2025\/12\/oferta.png 1536w\" sizes=\"auto, (max-width: 1300px) 100vw, 1300px\" \/><\/figure>\n<\/div>\n<\/div>\n<\/div>\n","protected":false},"excerpt":{"rendered":"<p>Oferta Zapraszamy do zapoznania si\u0119 z nasz\u0105 ofert\u0105.<\/p>\n","protected":false},"author":1,"featured_media":0,"parent":0,"menu_order":5,"comment_status":"closed","ping_status":"closed","template":"templates\/offer.php","meta":{"_acf_changed":false,"inline_featured_image":false,"footnotes":""},"class_list":["post-239","page","type-page","status-publish","hentry"],"acf":[],"_links":{"self":[{"href":"https:\/\/dev.papercut.pl\/logozaurus\/wp-json\/wp\/v2\/pages\/239","targetHints":{"allow":["GET"]}}],"collection":[{"href":"https:\/\/dev.papercut.pl\/logozaurus\/wp-json\/wp\/v2\/pages"}],"about":[{"href":"https:\/\/dev.papercut.pl\/logozaurus\/wp-json\/wp\/v2\/types\/page"}],"author":[{"embeddable":true,"href":"https:\/\/dev.papercut.pl\/logozaurus\/wp-json\/wp\/v2\/users\/1"}],"replies":[{"embeddable":true,"href":"https:\/\/dev.papercut.pl\/logozaurus\/wp-json\/wp\/v2\/comments?post=239"}],"version-history":[{"count":5,"href":"https:\/\/dev.papercut.pl\/logozaurus\/wp-json\/wp\/v2\/pages\/239\/revisions"}],"predecessor-version":[{"id":867,"href":"https:\/\/dev.papercut.pl\/logozaurus\/wp-json\/wp\/v2\/pages\/239\/revisions\/867"}],"wp:attachment":[{"href":"https:\/\/dev.papercut.pl\/logozaurus\/wp-json\/wp\/v2\/media?parent=239"}],"curies":[{"name":"wp","href":"https:\/\/api.w.org\/{rel}","templated":true}]}}