{"id":83,"date":"2020-03-28T01:09:00","date_gmt":"2020-03-28T00:09:00","guid":{"rendered":"http:\/\/local.franki\/?page_id=83"},"modified":"2021-05-02T14:33:12","modified_gmt":"2021-05-02T12:33:12","slug":"o-nas","status":"publish","type":"page","link":"https:\/\/dev.papercut.pl\/franki\/o-nas\/","title":{"rendered":"O nas"},"content":{"rendered":"\n<h2>Stump Franki<\/h2>\n\n\n\n<div class=\"wp-block-columns\">\n<div class=\"wp-block-column\">\n<p>Stump Franki sp. z o.o. ma siedzib\u0119 w Warszawie. Sp\u00f3\u0142ka powsta\u0142a w wyniku po\u0142\u0105czenia Stump- Hydrobudowa oraz Franki Polska. Po\u0142\u0105czenie umo\u017cliwi\u0142o lepsze wykorzystanie zasob\u00f3w i poszerzy\u0142o og\u00f3lnokrajow\u0105 ofert\u0119 ca\u0142ego zakresu dzia\u0142alno\u015bci specjalistycznej w Polsce. Biura w Warszawie, Gda\u0144sku oraz Krakowie umo\u017cliwiaj\u0105 obecno\u015b\u0107 na terenie ca\u0142ej Polski.\u00a0<\/p>\n\n\n\n<p>Dzia\u0142a na terenie ca\u0142ego kraju w r\u00f3\u017cnych sektorach: energetycznym (elektrownie konwencjonalne i wiatrowe), drogowym i kolejowym (przycz\u00f3\u0142ki i filary most\u00f3w), przemys\u0142owym (instalacje, zbiorniki, hale), hydrotechnicznym (porty, nabrze\u017ca, \u015bluzy).<\/p>\n<\/div>\n\n\n\n<div class=\"wp-block-column\">\n<p>Wsp\u00f3\u0142pracuje z wiod\u0105cymi podmiotami rynku budowlanego. Nale\u017cy do Polskiego Stowarzyszenia Wykonawc\u00f3w Fundament\u00f3w Specjalnych, organizacji zrzeszaj\u0105cej wykonawc\u00f3w g\u0142\u0119bokiego fundamentowania.\u00a0 <\/p>\n\n\n\n<p>Stump Franki\u00a0 Polska nale\u017cy do czo\u0142\u00f3wki firm geotechnicznych w Polsce w bran\u017cy g\u0142\u0119bokiego fundamentowania. Nadrz\u0119dn\u0105 motywacj\u0105 do dzia\u0142ania jest d\u0105\u017cenie do najlepszej jako\u015b\u0107 wykonania i wsp\u00f3\u0142pracy.<\/p>\n<\/div>\n<\/div>\n","protected":false},"excerpt":{"rendered":"<p>Stump Franki Stump Franki sp. z o.o. ma siedzib\u0119 w Warszawie. Sp\u00f3\u0142ka powsta\u0142a w wyniku po\u0142\u0105czenia Stump- Hydrobudowa oraz Franki Polska. Po\u0142\u0105czenie umo\u017cliwi\u0142o lepsze wykorzystanie zasob\u00f3w i poszerzy\u0142o og\u00f3lnokrajow\u0105 ofert\u0119 ca\u0142ego zakresu dzia\u0142alno\u015bci specjalistycznej w Polsce. Biura w Warszawie, Gda\u0144sku oraz Krakowie umo\u017cliwiaj\u0105 obecno\u015b\u0107 na terenie ca\u0142ej Polski.\u00a0 Dzia\u0142a na terenie ca\u0142ego kraju w r\u00f3\u017cnych [&hellip;]<\/p>\n","protected":false},"author":1,"featured_media":223,"parent":0,"menu_order":2,"comment_status":"closed","ping_status":"closed","template":"templates\/template-about.php","meta":[],"yoast_head":"<!-- This site is optimized with the Yoast SEO plugin v16.1.1 - https:\/\/yoast.com\/wordpress\/plugins\/seo\/ -->\n<title>O nas - Stump Franki sp. z o.o.<\/title>\n<meta property=\"og:locale\" content=\"pl_PL\" \/>\n<meta property=\"og:type\" content=\"article\" \/>\n<meta property=\"og:title\" content=\"O nas - Stump Franki sp. z o.o.\" \/>\n<meta property=\"og:description\" content=\"Stump Franki Stump Franki sp. z o.o. ma siedzib\u0119 w Warszawie. Sp\u00f3\u0142ka powsta\u0142a w wyniku po\u0142\u0105czenia Stump- Hydrobudowa oraz Franki Polska. Po\u0142\u0105czenie umo\u017cliwi\u0142o lepsze wykorzystanie zasob\u00f3w i poszerzy\u0142o og\u00f3lnokrajow\u0105 ofert\u0119 ca\u0142ego zakresu dzia\u0142alno\u015bci specjalistycznej w Polsce. Biura w Warszawie, Gda\u0144sku oraz Krakowie umo\u017cliwiaj\u0105 obecno\u015b\u0107 na terenie ca\u0142ej Polski.\u00a0 Dzia\u0142a na terenie ca\u0142ego kraju w r\u00f3\u017cnych [&hellip;]\" \/>\n<meta property=\"og:url\" content=\"https:\/\/dev.papercut.pl\/franki\/o-nas\/\" \/>\n<meta property=\"og:site_name\" content=\"Stump Franki sp. z o.o.\" \/>\n<meta property=\"article:modified_time\" content=\"2021-05-02T12:33:12+00:00\" \/>\n<meta property=\"og:image\" content=\"https:\/\/dev.papercut.pl\/franki\/wp-content\/uploads\/2020\/04\/O-FRANKI-compressor.png\" \/>\n\t<meta property=\"og:image:width\" content=\"2560\" \/>\n\t<meta property=\"og:image:height\" content=\"1536\" \/>\n<meta name=\"twitter:card\" content=\"summary_large_image\" \/>\n<meta name=\"twitter:label1\" content=\"Szacowany czas czytania\">\n\t<meta name=\"twitter:data1\" content=\"1 minuta\">\n<script type=\"application\/ld+json\" class=\"yoast-schema-graph\">{\"@context\":\"https:\/\/schema.org\",\"@graph\":[{\"@type\":\"WebSite\",\"@id\":\"https:\/\/dev.papercut.pl\/franki\/#website\",\"url\":\"https:\/\/dev.papercut.pl\/franki\/\",\"name\":\"Stump Franki sp. z o.o.\",\"description\":\"\",\"potentialAction\":[{\"@type\":\"SearchAction\",\"target\":\"https:\/\/dev.papercut.pl\/franki\/?s={search_term_string}\",\"query-input\":\"required name=search_term_string\"}],\"inLanguage\":\"pl-PL\"},{\"@type\":\"ImageObject\",\"@id\":\"https:\/\/dev.papercut.pl\/franki\/o-nas\/#primaryimage\",\"inLanguage\":\"pl-PL\",\"url\":\"https:\/\/dev.papercut.pl\/franki\/wp-content\/uploads\/2020\/04\/O-FRANKI-compressor.png\",\"contentUrl\":\"https:\/\/dev.papercut.pl\/franki\/wp-content\/uploads\/2020\/04\/O-FRANKI-compressor.png\",\"width\":2560,\"height\":1536},{\"@type\":\"WebPage\",\"@id\":\"https:\/\/dev.papercut.pl\/franki\/o-nas\/#webpage\",\"url\":\"https:\/\/dev.papercut.pl\/franki\/o-nas\/\",\"name\":\"O nas - Stump Franki sp. z o.o.\",\"isPartOf\":{\"@id\":\"https:\/\/dev.papercut.pl\/franki\/#website\"},\"primaryImageOfPage\":{\"@id\":\"https:\/\/dev.papercut.pl\/franki\/o-nas\/#primaryimage\"},\"datePublished\":\"2020-03-28T00:09:00+00:00\",\"dateModified\":\"2021-05-02T12:33:12+00:00\",\"breadcrumb\":{\"@id\":\"https:\/\/dev.papercut.pl\/franki\/o-nas\/#breadcrumb\"},\"inLanguage\":\"pl-PL\",\"potentialAction\":[{\"@type\":\"ReadAction\",\"target\":[\"https:\/\/dev.papercut.pl\/franki\/o-nas\/\"]}]},{\"@type\":\"BreadcrumbList\",\"@id\":\"https:\/\/dev.papercut.pl\/franki\/o-nas\/#breadcrumb\",\"itemListElement\":[{\"@type\":\"ListItem\",\"position\":1,\"item\":{\"@type\":\"WebPage\",\"@id\":\"https:\/\/dev.papercut.pl\/franki\/\",\"url\":\"https:\/\/dev.papercut.pl\/franki\/\",\"name\":\"Home\"}},{\"@type\":\"ListItem\",\"position\":2,\"item\":{\"@type\":\"WebPage\",\"@id\":\"https:\/\/dev.papercut.pl\/franki\/o-nas\/\",\"url\":\"https:\/\/dev.papercut.pl\/franki\/o-nas\/\",\"name\":\"O nas\"}}]}]}<\/script>\n<!-- \/ Yoast SEO plugin. -->","_links":{"self":[{"href":"https:\/\/dev.papercut.pl\/franki\/wp-json\/wp\/v2\/pages\/83"}],"collection":[{"href":"https:\/\/dev.papercut.pl\/franki\/wp-json\/wp\/v2\/pages"}],"about":[{"href":"https:\/\/dev.papercut.pl\/franki\/wp-json\/wp\/v2\/types\/page"}],"author":[{"embeddable":true,"href":"https:\/\/dev.papercut.pl\/franki\/wp-json\/wp\/v2\/users\/1"}],"replies":[{"embeddable":true,"href":"https:\/\/dev.papercut.pl\/franki\/wp-json\/wp\/v2\/comments?post=83"}],"version-history":[{"count":14,"href":"https:\/\/dev.papercut.pl\/franki\/wp-json\/wp\/v2\/pages\/83\/revisions"}],"predecessor-version":[{"id":649,"href":"https:\/\/dev.papercut.pl\/franki\/wp-json\/wp\/v2\/pages\/83\/revisions\/649"}],"wp:featuredmedia":[{"embeddable":true,"href":"https:\/\/dev.papercut.pl\/franki\/wp-json\/wp\/v2\/media\/223"}],"wp:attachment":[{"href":"https:\/\/dev.papercut.pl\/franki\/wp-json\/wp\/v2\/media?parent=83"}],"curies":[{"name":"wp","href":"https:\/\/api.w.org\/{rel}","templated":true}]}}