{"id":7,"date":"2023-08-09T13:35:05","date_gmt":"2023-08-09T11:35:05","guid":{"rendered":"https:\/\/dev.papercut.pl\/ecofriendlygame\/?page_id=7"},"modified":"2023-10-03T12:20:10","modified_gmt":"2023-10-03T10:20:10","slug":"ecofriendly-game","status":"publish","type":"page","link":"https:\/\/dev.papercut.pl\/ecofriendlygame\/ecofriendly-game\/","title":{"rendered":"Ecofriendly Game"},"content":{"rendered":"\n<div class=\"wp-block-columns are-vertically-aligned-center is-style-mobile-reverse is-layout-flex wp-container-3 wp-block-columns-is-layout-flex\">\n<div class=\"wp-block-column is-vertically-aligned-center is-layout-flow wp-block-column-is-layout-flow\">\n<h3 class=\"wp-block-heading noMarginTop has-green-color has-text-color\">Surowce na pude\u0142ka, karty, plansze<br>i inne elementy kartonowe wy\u0142\u0105cznie<br>z certyfikatem FSC.<\/h3>\n\n\n\n<p><strong>Certyfikat FSC to gwarancja ochrony system\u00f3w le\u015bnych, a wi\u0119c i niezast\u0105piona strategia w walce ze zmianami klimatu.<\/strong><\/p>\n\n\n\n<p>FSC gwarantuje ochron\u0119 las\u00f3w przed nielegalnym pozyskiwaniem drewna, degradacj\u0105 drzewostanu, a tak\u017ce wylesianiem obszar\u00f3w obj\u0119tych certyfikacj\u0105. Kupuj\u0105cy produkty ze znaczkiem FSC przyczyniaj\u0105 si\u0119 do ochrony ekosystem\u00f3w le\u015bnych, a tym samym do zmniejszania wp\u0142ywu zmian klimatu. To takie proste!<\/p>\n<\/div>\n\n\n\n<div class=\"wp-block-column is-vertically-aligned-center is-style-to-right-edge is-layout-flow wp-block-column-is-layout-flow\">\n<figure class=\"wp-block-image size-full noMarginBottom\"><img decoding=\"async\" loading=\"lazy\" width=\"814\" height=\"456\" src=\"https:\/\/dev.papercut.pl\/ecofriendlygame\/wp-content\/uploads\/2023\/08\/ecofriendly-1.png\" alt=\"\" class=\"wp-image-123\" srcset=\"https:\/\/dev.papercut.pl\/ecofriendlygame\/wp-content\/uploads\/2023\/08\/ecofriendly-1.png 814w, https:\/\/dev.papercut.pl\/ecofriendlygame\/wp-content\/uploads\/2023\/08\/ecofriendly-1-300x168.png 300w, https:\/\/dev.papercut.pl\/ecofriendlygame\/wp-content\/uploads\/2023\/08\/ecofriendly-1-768x430.png 768w, https:\/\/dev.papercut.pl\/ecofriendlygame\/wp-content\/uploads\/2023\/08\/ecofriendly-1-49x27.png 49w, https:\/\/dev.papercut.pl\/ecofriendlygame\/wp-content\/uploads\/2023\/08\/ecofriendly-1-121x68.png 121w\" sizes=\"(max-width: 814px) 100vw, 814px\" \/><\/figure>\n<\/div>\n<\/div>\n\n\n\n<div class=\"wp-block-columns are-vertically-aligned-center is-layout-flex wp-container-6 wp-block-columns-is-layout-flex\">\n<div class=\"wp-block-column is-vertically-aligned-center is-style-to-left-edge is-layout-flow wp-block-column-is-layout-flow\">\n<figure class=\"wp-block-image size-full noMarginBottom\"><img decoding=\"async\" loading=\"lazy\" width=\"814\" height=\"456\" src=\"https:\/\/dev.papercut.pl\/ecofriendlygame\/wp-content\/uploads\/2023\/08\/ecofriendly-2.png\" alt=\"\" class=\"wp-image-124\" srcset=\"https:\/\/dev.papercut.pl\/ecofriendlygame\/wp-content\/uploads\/2023\/08\/ecofriendly-2.png 814w, https:\/\/dev.papercut.pl\/ecofriendlygame\/wp-content\/uploads\/2023\/08\/ecofriendly-2-300x168.png 300w, https:\/\/dev.papercut.pl\/ecofriendlygame\/wp-content\/uploads\/2023\/08\/ecofriendly-2-768x430.png 768w, https:\/\/dev.papercut.pl\/ecofriendlygame\/wp-content\/uploads\/2023\/08\/ecofriendly-2-49x27.png 49w, https:\/\/dev.papercut.pl\/ecofriendlygame\/wp-content\/uploads\/2023\/08\/ecofriendly-2-121x68.png 121w\" sizes=\"(max-width: 814px) 100vw, 814px\" \/><\/figure>\n<\/div>\n\n\n\n<div class=\"wp-block-column is-vertically-aligned-center is-layout-flow wp-block-column-is-layout-flow\">\n<h3 class=\"wp-block-heading noMarginTop has-green-color has-text-color\">Gotowe rozwi\u0105zania<\/h3>\n\n\n\n<p><strong>Sugerujemy wydawcom wyb\u00f3r format\u00f3w kart i opakowa\u0144 z puli ustandaryzowanych rozwi\u0105za\u0144, kt\u00f3re opracowane zosta\u0142y tak, by produkcja poch\u0142ania\u0142a jak najmniej energii.<\/strong><\/p>\n\n\n\n<p>Dzi\u0119ki temu fabryka pracuje najbardziej optymalnie pod wzgl\u0119dem generowanych koszt\u00f3w energetycznych. Bo wiadomo, \u017ce dzisiaj mniej znaczy wi\u0119cej!<\/p>\n<\/div>\n<\/div>\n\n\n\n<div class=\"wp-block-columns are-vertically-aligned-center is-style-mobile-reverse is-layout-flex wp-container-9 wp-block-columns-is-layout-flex\">\n<div class=\"wp-block-column is-vertically-aligned-center is-layout-flow wp-block-column-is-layout-flow\">\n<h3 class=\"wp-block-heading noMarginTop has-green-color has-text-color\">Farby i lakiery<\/h3>\n\n\n\n<p><strong>Gry Ecofriendly to tak\u017ce farby i lakiery na bazie olej\u00f3w ro\u015blinnych, a do tego bezpieczne dla dzieci, stosowane r\u00f3wnie\u017c w przemy\u015ble spo\u017cywczym.<\/strong><\/p>\n\n\n\n<p>Kolory wybiera\u0107 mo\u017cna z niemal nieograniczonej gamy CMYK oraz podstawowej palety Pantone. Gry drukowane s\u0105 na najnowocze\u015bniejszych pe\u0142noformatowych maszynach offsetowych \u2013 oczywi\u015bcie zasilanych energi\u0105 odnawialn\u0105!<\/p>\n<\/div>\n\n\n\n<div class=\"wp-block-column is-vertically-aligned-center is-style-to-right-edge is-layout-flow wp-block-column-is-layout-flow\">\n<figure class=\"wp-block-image size-full noMarginBottom\"><img decoding=\"async\" loading=\"lazy\" width=\"814\" height=\"456\" src=\"https:\/\/dev.papercut.pl\/ecofriendlygame\/wp-content\/uploads\/2023\/08\/ecofriendly-3.png\" alt=\"\" class=\"wp-image-128\" srcset=\"https:\/\/dev.papercut.pl\/ecofriendlygame\/wp-content\/uploads\/2023\/08\/ecofriendly-3.png 814w, https:\/\/dev.papercut.pl\/ecofriendlygame\/wp-content\/uploads\/2023\/08\/ecofriendly-3-300x168.png 300w, https:\/\/dev.papercut.pl\/ecofriendlygame\/wp-content\/uploads\/2023\/08\/ecofriendly-3-768x430.png 768w, https:\/\/dev.papercut.pl\/ecofriendlygame\/wp-content\/uploads\/2023\/08\/ecofriendly-3-49x27.png 49w, https:\/\/dev.papercut.pl\/ecofriendlygame\/wp-content\/uploads\/2023\/08\/ecofriendly-3-121x68.png 121w\" sizes=\"(max-width: 814px) 100vw, 814px\" \/><\/figure>\n<\/div>\n<\/div>\n\n\n\n<div class=\"wp-block-columns are-vertically-aligned-center is-layout-flex wp-container-12 wp-block-columns-is-layout-flex\">\n<div class=\"wp-block-column is-vertically-aligned-center is-style-to-left-edge is-layout-flow wp-block-column-is-layout-flow\">\n<figure class=\"wp-block-image size-full noMarginBottom\"><img decoding=\"async\" loading=\"lazy\" width=\"814\" height=\"456\" src=\"https:\/\/dev.papercut.pl\/ecofriendlygame\/wp-content\/uploads\/2023\/08\/ecofriendly-4.png\" alt=\"\" class=\"wp-image-129\" srcset=\"https:\/\/dev.papercut.pl\/ecofriendlygame\/wp-content\/uploads\/2023\/08\/ecofriendly-4.png 814w, https:\/\/dev.papercut.pl\/ecofriendlygame\/wp-content\/uploads\/2023\/08\/ecofriendly-4-300x168.png 300w, https:\/\/dev.papercut.pl\/ecofriendlygame\/wp-content\/uploads\/2023\/08\/ecofriendly-4-768x430.png 768w, https:\/\/dev.papercut.pl\/ecofriendlygame\/wp-content\/uploads\/2023\/08\/ecofriendly-4-49x27.png 49w, https:\/\/dev.papercut.pl\/ecofriendlygame\/wp-content\/uploads\/2023\/08\/ecofriendly-4-121x68.png 121w\" sizes=\"(max-width: 814px) 100vw, 814px\" \/><\/figure>\n<\/div>\n\n\n\n<div class=\"wp-block-column is-vertically-aligned-center is-layout-flow wp-block-column-is-layout-flow\">\n<h3 class=\"wp-block-heading noMarginTop has-green-color has-text-color\">Bezpieczne kleje<\/h3>\n\n\n\n<p><strong>Klej jest niezb\u0119dny do wyka\u0144czania plansz, pude\u0142ek i monta\u017cu element\u00f3w kartonowych<br>\u2013 a dla nas niezb\u0119dne jest, by by\u0142 nieszkodliwy.<\/strong><\/p>\n\n\n\n<p>Do gier wykonanych w systemie Ecofriendly wybieramy kleje, kt\u00f3re w u\u017cytej ilo\u015bci ulegaj\u0105 procesowi kompostowania, nie pozostawiaj\u0105c po sobie \u017cadnych toksycznych dla \u015brodowiska substancji.<\/p>\n<\/div>\n<\/div>\n\n\n\n<div class=\"wp-block-columns are-vertically-aligned-center is-style-mobile-reverse is-layout-flex wp-container-15 wp-block-columns-is-layout-flex\">\n<div class=\"wp-block-column is-vertically-aligned-center is-layout-flow wp-block-column-is-layout-flow\">\n<h3 class=\"wp-block-heading noMarginTop has-green-color has-text-color\">Pionki, kostki, znaczniki\u2026<\/h3>\n\n\n\n<p><strong>\u2026nie potrzebuj\u0105 ani grama plastiku. Zast\u0105pi\u0142y go naturalne surowce, takie jak drewno, papier lub karton \u2013 z certyfikatem FSC, to jasne<\/strong>!<\/p>\n\n\n\n<p>A czym zast\u0105pili\u015bmy woreczki strunowe na komponenty? Bawe\u0142nianymi! I to z certyfikatem OEKO-TEX. Elementy gier pakujemy tak\u017ce w woreczki kompostowalne i papierowe oraz w kartonowe pude\u0142ka. Da si\u0119? Da si\u0119!<\/p>\n<\/div>\n\n\n\n<div class=\"wp-block-column is-vertically-aligned-center is-style-to-right-edge is-layout-flow wp-block-column-is-layout-flow\">\n<figure class=\"wp-block-image size-full noMarginBottom\"><img decoding=\"async\" loading=\"lazy\" width=\"814\" height=\"456\" src=\"https:\/\/dev.papercut.pl\/ecofriendlygame\/wp-content\/uploads\/2023\/08\/ecofriendly-5.png\" alt=\"\" class=\"wp-image-130\" srcset=\"https:\/\/dev.papercut.pl\/ecofriendlygame\/wp-content\/uploads\/2023\/08\/ecofriendly-5.png 814w, https:\/\/dev.papercut.pl\/ecofriendlygame\/wp-content\/uploads\/2023\/08\/ecofriendly-5-300x168.png 300w, https:\/\/dev.papercut.pl\/ecofriendlygame\/wp-content\/uploads\/2023\/08\/ecofriendly-5-768x430.png 768w, https:\/\/dev.papercut.pl\/ecofriendlygame\/wp-content\/uploads\/2023\/08\/ecofriendly-5-49x27.png 49w, https:\/\/dev.papercut.pl\/ecofriendlygame\/wp-content\/uploads\/2023\/08\/ecofriendly-5-121x68.png 121w\" sizes=\"(max-width: 814px) 100vw, 814px\" \/><\/figure>\n<\/div>\n<\/div>\n\n\n\n<div class=\"wp-block-columns are-vertically-aligned-center is-layout-flex wp-container-18 wp-block-columns-is-layout-flex\">\n<div class=\"wp-block-column is-vertically-aligned-center is-style-to-left-edge is-layout-flow wp-block-column-is-layout-flow\">\n<figure class=\"wp-block-image size-full noMarginBottom\"><img decoding=\"async\" loading=\"lazy\" width=\"814\" height=\"456\" src=\"https:\/\/dev.papercut.pl\/ecofriendlygame\/wp-content\/uploads\/2023\/08\/ecofriendly-8.png\" alt=\"\" class=\"wp-image-133\" srcset=\"https:\/\/dev.papercut.pl\/ecofriendlygame\/wp-content\/uploads\/2023\/08\/ecofriendly-8.png 814w, https:\/\/dev.papercut.pl\/ecofriendlygame\/wp-content\/uploads\/2023\/08\/ecofriendly-8-300x168.png 300w, https:\/\/dev.papercut.pl\/ecofriendlygame\/wp-content\/uploads\/2023\/08\/ecofriendly-8-768x430.png 768w, https:\/\/dev.papercut.pl\/ecofriendlygame\/wp-content\/uploads\/2023\/08\/ecofriendly-8-49x27.png 49w, https:\/\/dev.papercut.pl\/ecofriendlygame\/wp-content\/uploads\/2023\/08\/ecofriendly-8-121x68.png 121w\" sizes=\"(max-width: 814px) 100vw, 814px\" \/><\/figure>\n<\/div>\n\n\n\n<div class=\"wp-block-column is-vertically-aligned-center is-layout-flow wp-block-column-is-layout-flow\">\n<h3 class=\"wp-block-heading noMarginTop has-green-color has-text-color\">Kompostowalne karty<\/h3>\n\n\n\n<p><strong>Nasze gry zawieraj\u0105 kompostowalne karty. To znacznie wi\u0119cej ni\u017c biodegradowalno\u015b\u0107, kt\u00f3ra bywa u\u017cywana jako chwyt marketingowy, bo nie daje gwarancji pe\u0142nego rozk\u0142adu w kr\u00f3tkim czasie.<\/strong><\/p>\n\n\n\n<p>Kompostowalne surowce rozk\u0142adaj\u0105 si\u0119 w pe\u0142ni, bez \u017cadnych chemicznych \u015blad\u00f3w, a gwarantowany czas degradacji to mniej ni\u017c rok. Wspominali\u015bmy ju\u017c, \u017ce gramy czysto?<\/p>\n<\/div>\n<\/div>\n\n\n\n<div class=\"wp-block-columns are-vertically-aligned-center is-style-mobile-reverse is-layout-flex wp-container-21 wp-block-columns-is-layout-flex\">\n<div class=\"wp-block-column is-vertically-aligned-center is-layout-flow wp-block-column-is-layout-flow\">\n<h3 class=\"wp-block-heading noMarginTop has-green-color has-text-color\">Odpady pierwszego (wy)rzutu<\/h3>\n\n\n\n<p><strong>Ju\u017c po odpakowaniu kart czy gry powstaj\u0105 pierwsze odpady. W grach Ecofriendly<br>zawsze s\u0105 to odpady kompostowalne lub poddawalne recyklingowi.<\/strong><\/p>\n\n\n\n<p>Do takich rozwi\u0105za\u0144 nale\u017cy nasz transparentny kompostowalny materia\u0142, w kt\u00f3ry owijamy karty i pude\u0142ka z grami. Te ostatnie mog\u0105 pochwali\u0107 si\u0119 te\u017c kompostowalnymi naklejkami. Karty, opr\u00f3cz owijki, pakujemy w papierow\u0105 banderol\u0119 oraz papier przeznaczony do recyklingu \u2013 przy odrobinie szcz\u0119\u015bcia powstan\u0105 z nich przysz\u0142e papiery. W pewnym sensie nawet odpady mog\u0105 by\u0107 po\u017cyteczne!<\/p>\n<\/div>\n\n\n\n<div class=\"wp-block-column is-vertically-aligned-center is-style-to-right-edge is-layout-flow wp-block-column-is-layout-flow\">\n<figure class=\"wp-block-image size-full noMarginBottom\"><img decoding=\"async\" loading=\"lazy\" width=\"814\" height=\"456\" src=\"https:\/\/dev.papercut.pl\/ecofriendlygame\/wp-content\/uploads\/2023\/08\/ecofriendly-7.png\" alt=\"\" class=\"wp-image-132\" srcset=\"https:\/\/dev.papercut.pl\/ecofriendlygame\/wp-content\/uploads\/2023\/08\/ecofriendly-7.png 814w, https:\/\/dev.papercut.pl\/ecofriendlygame\/wp-content\/uploads\/2023\/08\/ecofriendly-7-300x168.png 300w, https:\/\/dev.papercut.pl\/ecofriendlygame\/wp-content\/uploads\/2023\/08\/ecofriendly-7-768x430.png 768w, https:\/\/dev.papercut.pl\/ecofriendlygame\/wp-content\/uploads\/2023\/08\/ecofriendly-7-49x27.png 49w, https:\/\/dev.papercut.pl\/ecofriendlygame\/wp-content\/uploads\/2023\/08\/ecofriendly-7-121x68.png 121w\" sizes=\"(max-width: 814px) 100vw, 814px\" \/><\/figure>\n<\/div>\n<\/div>\n\n\n\n<div class=\"wp-block-columns are-vertically-aligned-center is-layout-flex wp-container-24 wp-block-columns-is-layout-flex\">\n<div class=\"wp-block-column is-vertically-aligned-center is-style-to-left-edge is-layout-flow wp-block-column-is-layout-flow\">\n<figure class=\"wp-block-image size-full noMarginBottom\"><img decoding=\"async\" loading=\"lazy\" width=\"814\" height=\"456\" src=\"https:\/\/dev.papercut.pl\/ecofriendlygame\/wp-content\/uploads\/2023\/08\/ecofriendly-6.png\" alt=\"\" class=\"wp-image-131\" srcset=\"https:\/\/dev.papercut.pl\/ecofriendlygame\/wp-content\/uploads\/2023\/08\/ecofriendly-6.png 814w, https:\/\/dev.papercut.pl\/ecofriendlygame\/wp-content\/uploads\/2023\/08\/ecofriendly-6-300x168.png 300w, https:\/\/dev.papercut.pl\/ecofriendlygame\/wp-content\/uploads\/2023\/08\/ecofriendly-6-768x430.png 768w, https:\/\/dev.papercut.pl\/ecofriendlygame\/wp-content\/uploads\/2023\/08\/ecofriendly-6-49x27.png 49w, https:\/\/dev.papercut.pl\/ecofriendlygame\/wp-content\/uploads\/2023\/08\/ecofriendly-6-121x68.png 121w\" sizes=\"(max-width: 814px) 100vw, 814px\" \/><\/figure>\n<\/div>\n\n\n\n<div class=\"wp-block-column is-vertically-aligned-center is-layout-flow wp-block-column-is-layout-flow\">\n<h3 class=\"wp-block-heading noMarginTop has-green-color has-text-color\">Opakowania zbiorcze<\/h3>\n\n\n\n<p><strong>Do pakowania gotowych gier Ecofriendly u\u017cywamy pude\u0142ek z certyfikowanego kartonu<br>(tak, FSC!), do kt\u00f3rego produkcji u\u017cyto minimum 95% materia\u0142u z recyklingu.<\/strong><\/p>\n\n\n\n<p>Bo ka\u017cdy etap produkcji musi by\u0107 eko!<\/p>\n<\/div>\n<\/div>\n","protected":false},"excerpt":{"rendered":"<p>Surowce na pude\u0142ka, karty, planszei inne elementy kartonowe wy\u0142\u0105czniez certyfikatem FSC. Certyfikat FSC to gwarancja ochrony system\u00f3w le\u015bnych, a wi\u0119c i niezast\u0105piona strategia w walce ze zmianami klimatu. FSC gwarantuje ochron\u0119 las\u00f3w przed nielegalnym pozyskiwaniem drewna, degradacj\u0105 drzewostanu, a tak\u017ce wylesianiem obszar\u00f3w obj\u0119tych certyfikacj\u0105. Kupuj\u0105cy produkty ze znaczkiem FSC przyczyniaj\u0105 si\u0119 do ochrony ekosystem\u00f3w le\u015bnych, a tym samym do zmniejszania wp\u0142ywu zmian klimatu. To takie proste! Gotowe rozwi\u0105zania Sugerujemy wydawcom wyb\u00f3r format\u00f3w kart i opakowa\u0144 z puli ustandaryzowanych rozwi\u0105za\u0144, kt\u00f3re opracowane zosta\u0142y tak, by produkcja poch\u0142ania\u0142a jak najmniej energii. Dzi\u0119ki temu fabryka pracuje najbardziej optymalnie pod wzgl\u0119dem generowanych koszt\u00f3w energetycznych. Bo wiadomo, \u017ce dzisiaj mniej znaczy wi\u0119cej! Farby i lakiery Gry Ecofriendly to tak\u017ce farby i lakiery na bazie olej\u00f3w ro\u015blinnych, a do tego bezpieczne dla dzieci, stosowane r\u00f3wnie\u017c w przemy\u015ble spo\u017cywczym. Kolory wybiera\u0107 mo\u017cna z niemal nieograniczonej gamy CMYK oraz podstawowej palety Pantone. Gry drukowane s\u0105 na najnowocze\u015bniejszych pe\u0142noformatowych maszynach offsetowych \u2013 oczywi\u015bcie zasilanych energi\u0105 odnawialn\u0105! Bezpieczne kleje Klej jest niezb\u0119dny do wyka\u0144czania plansz, pude\u0142ek i monta\u017cu element\u00f3w kartonowych\u2013 a dla nas niezb\u0119dne jest, by by\u0142 nieszkodliwy. Do gier wykonanych w systemie Ecofriendly wybieramy kleje, kt\u00f3re w u\u017cytej ilo\u015bci ulegaj\u0105 procesowi kompostowania, nie pozostawiaj\u0105c po sobie \u017cadnych toksycznych dla \u015brodowiska substancji. Pionki, kostki, znaczniki\u2026 \u2026nie potrzebuj\u0105 ani grama plastiku. Zast\u0105pi\u0142y go naturalne surowce, takie jak drewno, papier lub karton \u2013 z certyfikatem FSC, to jasne! A czym zast\u0105pili\u015bmy woreczki strunowe na komponenty? Bawe\u0142nianymi! I to z certyfikatem OEKO-TEX. Elementy gier pakujemy tak\u017ce w woreczki kompostowalne i papierowe oraz w kartonowe pude\u0142ka. Da si\u0119? Da si\u0119! Kompostowalne karty Nasze gry zawieraj\u0105 kompostowalne karty. To znacznie wi\u0119cej ni\u017c biodegradowalno\u015b\u0107, kt\u00f3ra bywa u\u017cywana jako chwyt marketingowy, bo nie daje gwarancji pe\u0142nego rozk\u0142adu w kr\u00f3tkim czasie. Kompostowalne surowce rozk\u0142adaj\u0105 si\u0119 w pe\u0142ni, bez \u017cadnych chemicznych \u015blad\u00f3w, a gwarantowany czas degradacji to mniej ni\u017c rok. Wspominali\u015bmy ju\u017c, \u017ce gramy czysto? Odpady pierwszego (wy)rzutu Ju\u017c po odpakowaniu kart czy gry powstaj\u0105 pierwsze odpady. W grach Ecofriendlyzawsze s\u0105 to odpady kompostowalne lub poddawalne recyklingowi. Do takich rozwi\u0105za\u0144 nale\u017cy nasz transparentny kompostowalny materia\u0142, w kt\u00f3ry owijamy karty i pude\u0142ka z grami. Te ostatnie mog\u0105 pochwali\u0107 si\u0119 te\u017c kompostowalnymi naklejkami. Karty, opr\u00f3cz owijki, pakujemy w papierow\u0105 banderol\u0119 oraz papier przeznaczony do recyklingu \u2013 przy odrobinie szcz\u0119\u015bcia powstan\u0105 z nich przysz\u0142e papiery. W pewnym sensie nawet odpady mog\u0105 by\u0107 po\u017cyteczne! Opakowania zbiorcze Do pakowania gotowych gier Ecofriendly u\u017cywamy pude\u0142ek z certyfikowanego kartonu(tak, FSC!), do kt\u00f3rego produkcji u\u017cyto minimum 95% materia\u0142u z recyklingu. Bo ka\u017cdy etap produkcji musi by\u0107 eko!<\/p>\n","protected":false},"author":1,"featured_media":0,"parent":0,"menu_order":12,"comment_status":"closed","ping_status":"closed","template":"","meta":{"inline_featured_image":false,"footnotes":""},"acf":[],"_links":{"self":[{"href":"https:\/\/dev.papercut.pl\/ecofriendlygame\/wp-json\/wp\/v2\/pages\/7"}],"collection":[{"href":"https:\/\/dev.papercut.pl\/ecofriendlygame\/wp-json\/wp\/v2\/pages"}],"about":[{"href":"https:\/\/dev.papercut.pl\/ecofriendlygame\/wp-json\/wp\/v2\/types\/page"}],"author":[{"embeddable":true,"href":"https:\/\/dev.papercut.pl\/ecofriendlygame\/wp-json\/wp\/v2\/users\/1"}],"replies":[{"embeddable":true,"href":"https:\/\/dev.papercut.pl\/ecofriendlygame\/wp-json\/wp\/v2\/comments?post=7"}],"version-history":[{"count":9,"href":"https:\/\/dev.papercut.pl\/ecofriendlygame\/wp-json\/wp\/v2\/pages\/7\/revisions"}],"predecessor-version":[{"id":432,"href":"https:\/\/dev.papercut.pl\/ecofriendlygame\/wp-json\/wp\/v2\/pages\/7\/revisions\/432"}],"wp:attachment":[{"href":"https:\/\/dev.papercut.pl\/ecofriendlygame\/wp-json\/wp\/v2\/media?parent=7"}],"curies":[{"name":"wp","href":"https:\/\/api.w.org\/{rel}","templated":true}]}}