{"id":2391,"date":"2020-09-07T10:04:53","date_gmt":"2020-09-07T08:04:53","guid":{"rendered":"http:\/\/dev.papercut.pl\/tfi\/?page_id=2391"},"modified":"2020-10-14T15:46:09","modified_gmt":"2020-10-14T13:46:09","slug":"bartosz-posluszny","status":"publish","type":"page","link":"http:\/\/dev.papercut.pl\/tfi\/o-nas\/bartosz-posluszny\/","title":{"rendered":"Bartosz Pos\u0142uszny"},"content":{"rendered":"\r\n<div class=\"main-green\">\r\n    <div class=\"main-green__container\">\r\n        <div class=\"container\">\r\n            <div class=\"main-green__wrapper\">\r\n                <h1 class=\"h1\" data-aos=\"fade-up\" data-aos-delay=\"100\">Bartosz<br> Pos\u0142uszny<\/h1>\r\n                <span class=\"subtitle\" data-aos=\"fade-up\" data-aos-delay=\"200\">Dyrektor Biura Obs\u0142ugi Funduszy Sekurytyzacyjnych<\/span>\r\n                                    <div data-aos=\"fade-up\" data-aos-delay=\"300\"><p>W Towarzystwie odpowiada za bie\u017c\u0105c\u0105 obs\u0142ug\u0119 funduszy sekurytyzacyjnych w ramach Biura Obs\u0142ugi Funduszy Sekurytyzacyjnych.<\/p>\n<\/div>\r\n                                <div class=\"main-green__btn-group\" data-aos=\"fade-up\" data-aos-delay=\"300\">\r\n                                            <a href=\"mailto:bartosz.posluszny@forumtfi.pl\" class=\"btn btn-red\">Mail<\/a>\r\n                                    <\/div>\r\n            <\/div>\r\n        <\/div>\r\n        <img src=\"http:\/\/dev.papercut.pl\/tfi\/wp-content\/uploads\/2020\/10\/posluszny.png\" class=\"main-green__avatar\" data-aos=\"fade-up\" data-aos-delay=\"100\" alt=\"\">\r\n    <\/div>\r\n<\/div>\n\n\n<div class=\"wp-block-group\"><div class=\"wp-block-group__inner-container\">\n<div class=\"wp-block-columns\">\n<div class=\"wp-block-column\">\n<h3>Kim jest Bartosz?<\/h3>\n\n\n\n<p>Charakteryzuje go dba\u0142o\u015b\u0107 o szczeg\u00f3\u0142y. <\/p>\n\n\n\n<p>Nie ma dla niego zada\u0144 nie do wykonania, s\u0105 tylko \u017ale rozplanowane. Dociekliwo\u015b\u0107 i sumienno\u015b\u0107 to cechy, kt\u00f3re szczeg\u00f3lnie ceni.&nbsp;<\/p>\n\n\n\n<p><strong>Absolwent Wydzia\u0142u Prawa i Administracji Uniwersytetu Jagiello\u0144skiego.<\/strong> Aplikant radcowski w Okr\u0119gowej Izbie Radc\u00f3w Prawnych w Krakowie.&nbsp;<\/p>\n<\/div>\n\n\n\n<div class=\"wp-block-column\">\n<figure class=\"wp-block-image size-large\"><img loading=\"lazy\" width=\"828\" height=\"611\" src=\"http:\/\/dev.papercut.pl\/tfi\/wp-content\/uploads\/2020\/08\/FUNDUSZE-2.png\" alt=\"\" class=\"wp-image-2093\" srcset=\"http:\/\/dev.papercut.pl\/tfi\/wp-content\/uploads\/2020\/08\/FUNDUSZE-2.png 828w, http:\/\/dev.papercut.pl\/tfi\/wp-content\/uploads\/2020\/08\/FUNDUSZE-2-768x567.png 768w\" sizes=\"(max-width: 828px) 100vw, 828px\" \/><\/figure>\n<\/div>\n<\/div>\n<\/div><\/div>\n\n\n\n<div class=\"wp-block-group size-large is-resized is-style-default fade-up has-red-background-color has-background\"><div class=\"wp-block-group__inner-container\">\n<h3 class=\"has-text-align-center\">3 liczby, kt\u00f3re opisuj\u0105 Bartosza<\/h3>\n\n\n\n<div class=\"wp-block-group is-style-counter-wrapper\"><div class=\"wp-block-group__inner-container\">\r\n<div class=\"counter\">\r\n    <div class=\"counter__number is-style-h2\" data-units=\"\" data-counter=\"15\">0<\/div>\r\n    <p class=\"counter__subtitle\">funduszy sekurytyzacyjnych w bie\u017c\u0105cej obs\u0142udze<\/p>\r\n<\/div>\n\n\r\n<div class=\"counter\">\r\n    <div class=\"counter__number is-style-h2\" data-units=\"\" data-counter=\"3\">0<\/div>\r\n    <p class=\"counter__subtitle\">osoby w zgranym zespole<\/p>\r\n<\/div>\n\n\r\n<div class=\"counter\">\r\n    <div class=\"counter__number is-style-h2\" data-units=\"\" data-counter=\"42\">0<\/div>\r\n    <p class=\"counter__subtitle\">seanse klasycznej trylogii Star Wars<\/p>\r\n<\/div><\/div><\/div>\n<\/div><\/div>\n\n\n\n<div class=\"wp-block-group\"><div class=\"wp-block-group__inner-container\">\n<div class=\"wp-block-columns\">\n<div class=\"wp-block-column\">\n<figure class=\"wp-block-image size-large\"><img loading=\"lazy\" width=\"828\" height=\"611\" src=\"http:\/\/dev.papercut.pl\/tfi\/wp-content\/uploads\/2020\/08\/FUNDUSZE-2.png\" alt=\"\" class=\"wp-image-2093\" srcset=\"http:\/\/dev.papercut.pl\/tfi\/wp-content\/uploads\/2020\/08\/FUNDUSZE-2.png 828w, http:\/\/dev.papercut.pl\/tfi\/wp-content\/uploads\/2020\/08\/FUNDUSZE-2-768x567.png 768w\" sizes=\"(max-width: 828px) 100vw, 828px\" \/><\/figure>\n<\/div>\n\n\n\n<div class=\"wp-block-column\">\n<h3>Troch\u0119 historii<\/h3>\n\n\n\n<p><strong>Bartosz Pos\u0142uszny do\u0142\u0105czy\u0142 do zespo\u0142u FORUM TFI w 2017 roku jako Prawnik.<\/strong><\/p>\n\n\n\n<p>Wsp\u00f3\u0142prac\u0119 z TFI rozpocz\u0105\u0142 w Biurze Produkt\u00f3w Alternatywnych gdzie by\u0142 zaanga\u017cowany w obs\u0142ug\u0119 funduszy inwestycyjnych zamkni\u0119tych oraz funduszy sekurytyzacyjnych skierowanych do inwestor\u00f3w indywidualnych. <\/p>\n\n\n\n<p>Do\u015bwiadczenie zdobyte w dotychczasowej pracy, szczeg\u00f3lnie w zakresie zarz\u0105dzania funduszami sekurytyzacyjnymi, pozwoli\u0142o mu obj\u0105\u0107 w 2020 roku stanowisko Dyrektora Biura Obs\u0142ugi Funduszy Sekurytyzacyjnych.<\/p>\n<\/div>\n<\/div>\n<\/div><\/div>\n","protected":false},"excerpt":{"rendered":"","protected":false},"author":1,"featured_media":0,"parent":1984,"menu_order":39,"comment_status":"closed","ping_status":"closed","template":"","meta":[],"_links":{"self":[{"href":"http:\/\/dev.papercut.pl\/tfi\/wp-json\/wp\/v2\/pages\/2391"}],"collection":[{"href":"http:\/\/dev.papercut.pl\/tfi\/wp-json\/wp\/v2\/pages"}],"about":[{"href":"http:\/\/dev.papercut.pl\/tfi\/wp-json\/wp\/v2\/types\/page"}],"author":[{"embeddable":true,"href":"http:\/\/dev.papercut.pl\/tfi\/wp-json\/wp\/v2\/users\/1"}],"replies":[{"embeddable":true,"href":"http:\/\/dev.papercut.pl\/tfi\/wp-json\/wp\/v2\/comments?post=2391"}],"version-history":[{"count":4,"href":"http:\/\/dev.papercut.pl\/tfi\/wp-json\/wp\/v2\/pages\/2391\/revisions"}],"predecessor-version":[{"id":2946,"href":"http:\/\/dev.papercut.pl\/tfi\/wp-json\/wp\/v2\/pages\/2391\/revisions\/2946"}],"up":[{"embeddable":true,"href":"http:\/\/dev.papercut.pl\/tfi\/wp-json\/wp\/v2\/pages\/1984"}],"wp:attachment":[{"href":"http:\/\/dev.papercut.pl\/tfi\/wp-json\/wp\/v2\/media?parent=2391"}],"curies":[{"name":"wp","href":"https:\/\/api.w.org\/{rel}","templated":true}]}}