{"id":2113,"date":"2020-08-27T21:29:56","date_gmt":"2020-08-27T19:29:56","guid":{"rendered":"http:\/\/dev.papercut.pl\/tfi\/?page_id=2113"},"modified":"2020-11-27T12:25:35","modified_gmt":"2020-11-27T11:25:35","slug":"tomasz-pasiut","status":"publish","type":"page","link":"http:\/\/dev.papercut.pl\/tfi\/o-nas\/tomasz-pasiut\/","title":{"rendered":"Tomasz Pasiut"},"content":{"rendered":"\r\n<div class=\"main-green\">\r\n    <div class=\"main-green__container\">\r\n        <div class=\"container\">\r\n            <div class=\"main-green__wrapper\">\r\n                <h1 class=\"h1\" data-aos=\"fade-up\" data-aos-delay=\"100\">Tomasz Pasiut <\/h1>\r\n                <span class=\"subtitle\" data-aos=\"fade-up\" data-aos-delay=\"200\">Dyrektor Biura Obs\u0142ugi Funduszy<\/span>\r\n                                    <div data-aos=\"fade-up\" data-aos-delay=\"300\"><p>W TFI odpowiedzialny za nadz\u00f3r i koordynacj\u0119 kompleksowej obs\u0142ugi korporacyjnej wszystkich funduszy. <\/p>\n<\/div>\r\n                                <div class=\"main-green__btn-group\" data-aos=\"fade-up\" data-aos-delay=\"300\">\r\n                                            <a href=\"mailto:tomasz.pasiut@forumtfi.pl\" class=\"btn btn-red\">Mail<\/a>\r\n                                            <a href=\"https:\/\/www.linkedin.com\/in\/tomasz-pasiut-724105139\/\" class=\"btn btn-red\">LinkedIn<\/a>\r\n                                    <\/div>\r\n            <\/div>\r\n        <\/div>\r\n        <img src=\"http:\/\/dev.papercut.pl\/tfi\/wp-content\/uploads\/2020\/10\/pasiut.png\" class=\"main-green__avatar\" data-aos=\"fade-up\" data-aos-delay=\"100\" alt=\"\">\r\n    <\/div>\r\n<\/div>\n\n\n<div class=\"wp-block-group\"><div class=\"wp-block-group__inner-container\">\n<div class=\"wp-block-columns\">\n<div class=\"wp-block-column\">\n<h3 class=\"fade-right\">Kim jest Tomek?<\/h3>\n\n\n\n<p><strong>Inicjatywa, energia, \u201eb\u0142ysk w oku\u201d \u2013 to jego wizyt\u00f3wka. Poszukiwacz rozwi\u0105za\u0144 optymalnych i efektywnych. Zawsze ch\u0119tny wys\u0142ucha\u0107 i doradzi\u0107.&nbsp;&nbsp;<\/strong><\/p>\n\n\n\n<p>Radca prawny. Absolwent wydzia\u0142u Prawa i Administracji Uniwersytetu Jagiello\u0144skiego. Wieloletnie do\u015bwiadczenie w zakresie prawa rynku kapita\u0142owego oraz papier\u00f3w warto\u015bciowych.<\/p>\n<\/div>\n\n\n\n<div class=\"wp-block-column\">\n<figure class=\"wp-block-image size-large fade-up\"><img loading=\"lazy\" width=\"696\" height=\"665\" src=\"http:\/\/dev.papercut.pl\/tfi\/wp-content\/uploads\/2020\/09\/KIM-JEST-1.png\" alt=\"\" class=\"wp-image-2370\"\/><\/figure>\n<\/div>\n<\/div>\n<\/div><\/div>\n\n\n\n<div class=\"wp-block-group size-large is-resized is-style-default fade-up has-red-background-color has-background\"><div class=\"wp-block-group__inner-container\">\n<h2 class=\"has-text-align-center\">3 liczby, kt\u00f3re opisuj\u0105 Tomka<\/h2>\n\n\n\n<div class=\"wp-block-group is-style-counter-wrapper\"><div class=\"wp-block-group__inner-container\">\r\n<div class=\"counter\">\r\n    <div class=\"counter__number is-style-h2\" data-units=\"\" data-counter=\"5\">0<\/div>\r\n    <p class=\"counter__subtitle\">lat pracy w TFI<\/p>\r\n<\/div>\n\n\r\n<div class=\"counter\">\r\n    <div class=\"counter__number is-style-h2\" data-units=\"\" data-counter=\"50\">0<\/div>\r\n    <p class=\"counter__subtitle\">funduszy, kt\u00f3rych obs\u0142ug\u0119 nadzoruje<\/p>\r\n<\/div>\n\n\r\n<div class=\"counter\">\r\n    <div class=\"counter__number is-style-h2\" data-units=\"\" data-counter=\"6\">0<\/div>\r\n    <p class=\"counter__subtitle\">os\u00f3b wchodzi w sk\u0142ad jego zespo\u0142u<\/p>\r\n<\/div><\/div><\/div>\n<\/div><\/div>\n\n\n\n<div class=\"wp-block-group\"><div class=\"wp-block-group__inner-container\">\n<div class=\"wp-block-columns\">\n<div class=\"wp-block-column\">\n<figure class=\"wp-block-image size-large fade-up\"><img loading=\"lazy\" width=\"812\" height=\"593\" src=\"http:\/\/dev.papercut.pl\/tfi\/wp-content\/uploads\/2020\/09\/HISTORIA.png\" alt=\"\" class=\"wp-image-2371\" srcset=\"http:\/\/dev.papercut.pl\/tfi\/wp-content\/uploads\/2020\/09\/HISTORIA.png 812w, http:\/\/dev.papercut.pl\/tfi\/wp-content\/uploads\/2020\/09\/HISTORIA-768x561.png 768w\" sizes=\"(max-width: 812px) 100vw, 812px\" \/><\/figure>\n<\/div>\n\n\n\n<div class=\"wp-block-column\">\n<h3 class=\"fade-right\">Troch\u0119 historii<\/h3>\n\n\n\n<p>Tomasz Pasiut zwi\u0105zany jest z FORUM TFI od grudnia 2014 roku, wsp\u00f3\u0142prac\u0119 zaczyna\u0142 na stanowisku Prawnik. W 2018 roku obj\u0105\u0142 stanowisko Dyrektora Biura Obs\u0142ugi Funduszy. <\/p>\n<\/div>\n<\/div>\n<\/div><\/div>\n","protected":false},"excerpt":{"rendered":"","protected":false},"author":1,"featured_media":0,"parent":1984,"menu_order":28,"comment_status":"closed","ping_status":"closed","template":"","meta":[],"_links":{"self":[{"href":"http:\/\/dev.papercut.pl\/tfi\/wp-json\/wp\/v2\/pages\/2113"}],"collection":[{"href":"http:\/\/dev.papercut.pl\/tfi\/wp-json\/wp\/v2\/pages"}],"about":[{"href":"http:\/\/dev.papercut.pl\/tfi\/wp-json\/wp\/v2\/types\/page"}],"author":[{"embeddable":true,"href":"http:\/\/dev.papercut.pl\/tfi\/wp-json\/wp\/v2\/users\/1"}],"replies":[{"embeddable":true,"href":"http:\/\/dev.papercut.pl\/tfi\/wp-json\/wp\/v2\/comments?post=2113"}],"version-history":[{"count":8,"href":"http:\/\/dev.papercut.pl\/tfi\/wp-json\/wp\/v2\/pages\/2113\/revisions"}],"predecessor-version":[{"id":5496,"href":"http:\/\/dev.papercut.pl\/tfi\/wp-json\/wp\/v2\/pages\/2113\/revisions\/5496"}],"up":[{"embeddable":true,"href":"http:\/\/dev.papercut.pl\/tfi\/wp-json\/wp\/v2\/pages\/1984"}],"wp:attachment":[{"href":"http:\/\/dev.papercut.pl\/tfi\/wp-json\/wp\/v2\/media?parent=2113"}],"curies":[{"name":"wp","href":"https:\/\/api.w.org\/{rel}","templated":true}]}}